CRAN Package Check Results for Package assertr

Last updated on 2021-11-28 03:54:00 CET.

Flavor Version Tinstall Tcheck Ttotal Status Flags
r-devel-linux-x86_64-debian-clang 2.8 NOTE
r-devel-linux-x86_64-debian-gcc 2.8 2.68 33.06 35.74 NOTE
r-devel-linux-x86_64-fedora-clang 2.8 66.82 NOTE
r-devel-linux-x86_64-fedora-gcc 2.8 57.02 NOTE
r-devel-windows-x86_64-new-UL 2.8 11.00 88.00 99.00 NOTE
r-devel-windows-x86_64-new-TK 2.8 NOTE
r-devel-windows-x86_64-old 2.8 6.00 61.00 67.00 NOTE
r-patched-linux-x86_64 2.8 3.93 41.28 45.21 NOTE
r-patched-solaris-x86 2.8 74.70 NOTE
r-release-linux-x86_64 2.8 NOTE
r-release-macos-arm64 2.8 NOTE
r-release-macos-x86_64 2.8 NOTE
r-release-windows-ix86+x86_64 2.8 7.00 63.00 70.00 NOTE
r-oldrel-macos-x86_64 2.8 OK
r-oldrel-windows-ix86+x86_64 2.8 13.00 62.00 75.00 OK

Check Details

Version: 2.8
Check: LazyData
Result: NOTE
     'LazyData' is specified without a 'data' directory
Flavors: r-devel-linux-x86_64-debian-clang, r-devel-linux-x86_64-debian-gcc, r-devel-linux-x86_64-fedora-clang, r-devel-linux-x86_64-fedora-gcc, r-devel-windows-x86_64-new-UL, r-devel-windows-x86_64-new-TK, r-devel-windows-x86_64-old, r-patched-linux-x86_64, r-patched-solaris-x86, r-release-linux-x86_64, r-release-macos-arm64, r-release-macos-x86_64, r-release-windows-ix86+x86_64