CRAN Package Check Results for Package atakrig

Last updated on 2021-09-21 07:49:54 CEST.

Flavor Version Tinstall Tcheck Ttotal Status Flags
r-devel-linux-x86_64-debian-clang 0.9.8 30.17 58.94 89.11 OK
r-devel-linux-x86_64-debian-gcc 0.9.8 19.49 45.14 64.63 OK
r-devel-linux-x86_64-fedora-clang 0.9.8 120.91 OK
r-devel-linux-x86_64-fedora-gcc 0.9.8 106.44 OK
r-devel-windows-x86_64 0.9.8 28.00 72.00 100.00 OK
r-devel-windows-x86_64-gcc10-UCRT 0.9.8 ERROR
r-patched-linux-x86_64 0.9.8 25.40 58.58 83.98 OK
r-patched-solaris-x86 0.9.8 134.20 OK
r-release-linux-x86_64 0.9.8 24.19 58.17 82.36 OK
r-release-macos-arm64 0.9.8 OK
r-release-macos-x86_64 0.9.8 OK
r-release-windows-ix86+x86_64 0.9.8 64.00 107.00 171.00 OK
r-oldrel-macos-x86_64 0.9.8 OK
r-oldrel-windows-ix86+x86_64 0.9.8 63.00 113.00 176.00 OK

Check Details

Version: 0.9.8
Check: whether package can be installed
Result: ERROR
    Installation failed.
Flavor: r-devel-windows-x86_64-gcc10-UCRT