CRAN Package Check Results for Package autothresholdr

Last updated on 2021-09-20 01:48:27 CEST.

Flavor Version Tinstall Tcheck Ttotal Status Flags
r-devel-linux-x86_64-debian-clang 1.3.11 31.20 51.07 82.27 OK
r-devel-linux-x86_64-debian-gcc 1.3.11 20.20 38.51 58.71 OK
r-devel-linux-x86_64-fedora-clang 1.3.11 119.36 OK
r-devel-linux-x86_64-fedora-gcc 1.3.11 97.07 OK
r-devel-windows-x86_64 1.3.11 31.00 75.00 106.00 OK
r-devel-windows-x86_64-gcc10-UCRT 1.3.11 ERROR
r-patched-linux-x86_64 1.3.11 25.12 51.12 76.24 OK
r-patched-solaris-x86 1.3.11 107.30 OK
r-release-linux-x86_64 1.3.11 24.92 53.54 78.46 OK
r-release-macos-arm64 1.3.11 OK
r-release-macos-x86_64 1.3.11 OK
r-release-windows-ix86+x86_64 1.3.11 73.00 107.00 180.00 OK
r-oldrel-macos-x86_64 1.3.11 OK
r-oldrel-windows-ix86+x86_64 1.3.11 73.00 123.00 196.00 OK

Check Details

Version: 1.3.11
Check: whether package can be installed
Result: ERROR
    Installation failed.
Flavor: r-devel-windows-x86_64-gcc10-UCRT