CRAN Package Check Results for Package aweSOM

Last updated on 2024-02-25 09:53:18 CET.

Flavor Version Tinstall Tcheck Ttotal Status Flags
r-devel-linux-x86_64-debian-clang 1.3 5.42 60.27 65.69 OK
r-devel-linux-x86_64-debian-gcc 1.3 4.61 45.30 49.91 OK
r-devel-linux-x86_64-fedora-clang 1.3 82.15 NOTE
r-devel-linux-x86_64-fedora-gcc 1.3 89.45 NOTE
r-devel-windows-x86_64 1.3 7.00 71.00 78.00 OK
r-patched-linux-x86_64 1.3 5.26 58.67 63.93 OK
r-release-linux-x86_64 1.3 4.19 58.34 62.53 OK
r-release-macos-arm64 1.3 33.00 OK
r-release-macos-x86_64 1.3 65.00 OK
r-release-windows-x86_64 1.3 9.00 84.00 93.00 OK
r-oldrel-macos-arm64 1.3 29.00 NOTE
r-oldrel-windows-x86_64 1.3 9.00 84.00 93.00 OK

Check Details

Version: 1.3
Check: dependencies in R code
Result: NOTE Namespaces in Imports field not imported from: ‘DT’ ‘bslib’ ‘rclipboard’ ‘rmarkdown’ All declared Imports should be used. Flavors: r-devel-linux-x86_64-fedora-clang, r-devel-linux-x86_64-fedora-gcc, r-oldrel-macos-arm64