CRAN Package Check Results for Package aws.lambda

Last updated on 2024-05-28 16:47:49 CEST.

Flavor Version Tinstall Tcheck Ttotal Status Flags
r-devel-linux-x86_64-debian-clang 0.2.0 2.66 26.96 29.62 NOTE
r-devel-linux-x86_64-debian-gcc 0.2.0 2.22 21.74 23.96 NOTE
r-devel-linux-x86_64-fedora-clang 0.2.0 39.79 NOTE
r-devel-linux-x86_64-fedora-gcc 0.2.0 36.64 NOTE
r-devel-windows-x86_64 0.2.0 6.00 58.00 64.00 NOTE
r-patched-linux-x86_64 0.2.0 2.94 26.60 29.54 NOTE
r-release-linux-x86_64 0.2.0 2.84 26.49 29.33 NOTE
r-release-macos-arm64 0.2.0 18.00 NOTE
r-release-windows-x86_64 0.2.0 6.00 62.00 68.00 NOTE
r-oldrel-macos-arm64 0.2.0 22.00 NOTE
r-oldrel-macos-x86_64 0.2.0 24.00 NOTE
r-oldrel-windows-x86_64 0.2.0 6.00 64.00 70.00 NOTE

Check Details

Version: 0.2.0
Check: LazyData
Result: NOTE 'LazyData' is specified without a 'data' directory Flavors: r-devel-linux-x86_64-debian-clang, r-devel-linux-x86_64-debian-gcc, r-devel-linux-x86_64-fedora-clang, r-devel-linux-x86_64-fedora-gcc, r-devel-windows-x86_64, r-patched-linux-x86_64, r-release-linux-x86_64, r-release-macos-arm64, r-release-windows-x86_64, r-oldrel-macos-arm64, r-oldrel-macos-x86_64, r-oldrel-windows-x86_64