CRAN Package Check Results for Package baggingbwsel

Last updated on 2021-11-30 06:49:17 CET.

Flavor Version Tinstall Tcheck Ttotal Status Flags
r-devel-linux-x86_64-debian-clang 1.0 24.10 52.71 76.81 OK
r-devel-linux-x86_64-debian-gcc 1.0 17.92 39.62 57.54 OK
r-devel-linux-x86_64-fedora-clang 1.0 118.63 NOTE
r-devel-linux-x86_64-fedora-gcc 1.0 94.45 NOTE
r-devel-windows-x86_64-new-UL 1.0 38.00 128.00 166.00 OK
r-devel-windows-x86_64-new-TK 1.0 NOTE
r-devel-windows-x86_64-old 1.0 34.00 71.00 105.00 OK
r-patched-linux-x86_64 1.0 21.38 50.74 72.12 OK
r-patched-solaris-x86 1.0 152.90 NOTE
r-release-linux-x86_64 1.0 18.66 51.36 70.02 OK
r-release-macos-arm64 1.0 NOTE
r-release-macos-x86_64 1.0 NOTE
r-release-windows-ix86+x86_64 1.0 57.00 130.00 187.00 OK
r-oldrel-macos-x86_64 1.0 NOTE
r-oldrel-windows-ix86+x86_64 1.0 42.00 125.00 167.00 OK

Check Details

Version: 1.0
Check: dependencies in R code
Result: NOTE
    Namespace in Imports field not imported from: ‘tkrplot’
     All declared Imports should be used.
Flavors: r-devel-linux-x86_64-fedora-clang, r-devel-linux-x86_64-fedora-gcc, r-devel-windows-x86_64-new-TK, r-patched-solaris-x86, r-release-macos-arm64, r-release-macos-x86_64, r-oldrel-macos-x86_64