Last updated on 2023-12-02 21:39:48 CET.
Flavor | Version | Tinstall | Tcheck | Ttotal | Status | Flags |
---|---|---|---|---|---|---|
r-devel-linux-x86_64-debian-clang | 1.2-2 | 76.00 | 434.66 | 510.66 | OK | |
r-devel-linux-x86_64-debian-gcc | 1.2-2 | 66.03 | 317.00 | 383.03 | OK | |
r-devel-linux-x86_64-fedora-clang | 1.2-2 | 655.69 | NOTE | |||
r-devel-linux-x86_64-fedora-gcc | 1.2-2 | 629.23 | OK | |||
r-devel-windows-x86_64 | 1.2-2 | 70.00 | 298.00 | 368.00 | NOTE | |
r-patched-linux-x86_64 | 1.2-2 | 65.87 | 412.38 | 478.25 | OK | |
r-release-linux-x86_64 | 1.2-2 | 75.21 | 423.11 | 498.32 | OK | |
r-release-macos-arm64 | 1.2-2 | 164.00 | NOTE | |||
r-release-macos-x86_64 | 1.2-2 | 362.00 | NOTE | |||
r-release-windows-x86_64 | 1.2-2 | 97.00 | 394.00 | 491.00 | NOTE | |
r-oldrel-macos-arm64 | 1.2-2 | 152.00 | NOTE | |||
r-oldrel-macos-x86_64 | 1.2-1 | 184.00 | NOTE | |||
r-oldrel-windows-x86_64 | 1.2-2 | 96.00 | 392.00 | 488.00 | NOTE |
Version: 1.2-2
Check: installed package size
Result: NOTE
installed size is 6.1Mb
sub-directories of 1Mb or more:
R 2.5Mb
data 1.3Mb
doc 1.8Mb
Flavors: r-devel-linux-x86_64-fedora-clang, r-devel-windows-x86_64, r-release-macos-arm64, r-release-macos-x86_64, r-release-windows-x86_64, r-oldrel-macos-arm64, r-oldrel-windows-x86_64
Version: 1.2-2
Check: Rd cross-references
Result: NOTE
Undeclared package ‘akima’ in Rd xrefs
Flavor: r-devel-linux-x86_64-fedora-clang
Version: 1.2-1
Check: installed package size
Result: NOTE
installed size is 6.3Mb
sub-directories of 1Mb or more:
R 2.5Mb
data 1.3Mb
doc 1.8Mb
Flavor: r-oldrel-macos-x86_64