CRAN Package Check Results for Package banter

Last updated on 2021-09-24 22:52:46 CEST.

Flavor Version Tinstall Tcheck Ttotal Status Flags
r-devel-linux-x86_64-debian-clang 0.9.3 7.78 62.13 69.91 OK
r-devel-linux-x86_64-debian-gcc 0.9.3 5.74 47.22 52.96 OK
r-devel-linux-x86_64-fedora-clang 0.9.3 91.56 NOTE
r-devel-linux-x86_64-fedora-gcc 0.9.3 78.58 NOTE
r-devel-windows-x86_64 0.9.3 10.00 61.00 71.00 OK
r-devel-windows-x86_64-gcc10-UCRT 0.9.3 NOTE
r-patched-linux-x86_64 0.9.3 12.39 58.90 71.29 OK
r-patched-solaris-x86 0.9.3 109.60 NOTE
r-release-linux-x86_64 0.9.3 5.96 58.81 64.77 OK
r-release-macos-arm64 0.9.3 NOTE
r-release-macos-x86_64 0.9.3 NOTE
r-release-windows-ix86+x86_64 0.9.3 18.00 83.00 101.00 OK
r-oldrel-macos-x86_64 0.9.3 NOTE
r-oldrel-windows-ix86+x86_64 0.9.3 13.00 60.00 73.00 OK

Check Details

Version: 0.9.3
Check: dependencies in R code
Result: NOTE
    Namespace in Imports field not imported from: ‘ranger’
     All declared Imports should be used.
Flavors: r-devel-linux-x86_64-fedora-clang, r-devel-linux-x86_64-fedora-gcc, r-devel-windows-x86_64-gcc10-UCRT, r-patched-solaris-x86, r-release-macos-arm64, r-release-macos-x86_64, r-oldrel-macos-x86_64