CRAN Package Check Results for Package bayesAB

Last updated on 2021-09-22 13:52:31 CEST.

Flavor Version Tinstall Tcheck Ttotal Status Flags
r-devel-linux-x86_64-debian-clang 1.1.3 21.27 93.09 114.36 OK
r-devel-linux-x86_64-debian-gcc 1.1.3 12.67 70.32 82.99 OK
r-devel-linux-x86_64-fedora-clang 1.1.3 149.37 OK
r-devel-linux-x86_64-fedora-gcc 1.1.3 134.47 OK
r-devel-windows-x86_64 1.1.3 19.00 99.00 118.00 OK
r-devel-windows-x86_64-gcc10-UCRT 1.1.3 ERROR
r-patched-linux-x86_64 1.1.3 18.24 88.72 106.96 OK
r-patched-solaris-x86 1.1.3 172.70 OK
r-release-linux-x86_64 1.1.3 15.52 88.25 103.77 OK
r-release-macos-arm64 1.1.3 OK
r-release-macos-x86_64 1.1.3 OK
r-release-windows-ix86+x86_64 1.1.3 46.00 192.00 238.00 OK
r-oldrel-macos-x86_64 1.1.3 OK
r-oldrel-windows-ix86+x86_64 1.1.3 34.00 151.00 185.00 OK

Check Details

Version: 1.1.3
Check: whether package can be installed
Result: ERROR
    Installation failed.
Flavor: r-devel-windows-x86_64-gcc10-UCRT