CRAN Package Check Results for Package bayesDP

Last updated on 2021-09-23 04:56:13 CEST.

Flavor Version Tinstall Tcheck Ttotal Status Flags
r-devel-linux-x86_64-debian-clang 1.3.4 60.90 142.40 203.30 OK
r-devel-linux-x86_64-debian-gcc 1.3.4 42.38 106.05 148.43 OK
r-devel-linux-x86_64-fedora-clang 1.3.4 260.73 OK
r-devel-linux-x86_64-fedora-gcc 1.3.4 243.28 OK
r-devel-windows-x86_64 1.3.4 57.00 132.00 189.00 OK
r-devel-windows-x86_64-gcc10-UCRT 1.3.4 ERROR
r-patched-linux-x86_64 1.3.4 50.37 145.60 195.97 OK
r-patched-solaris-x86 1.3.4 323.10 OK
r-release-linux-x86_64 1.3.4 49.36 145.00 194.36 OK
r-release-macos-arm64 1.3.4 NOTE
r-release-macos-x86_64 1.3.4 NOTE
r-release-windows-ix86+x86_64 1.3.4 142.00 229.00 371.00 NOTE
r-oldrel-macos-x86_64 1.3.4 NOTE
r-oldrel-windows-ix86+x86_64 1.3.4 111.00 173.00 284.00 NOTE

Check Details

Version: 1.3.4
Check: whether package can be installed
Result: ERROR
    Installation failed.
Flavor: r-devel-windows-x86_64-gcc10-UCRT

Version: 1.3.4
Check: installed package size
Result: NOTE
     installed size is 5.8Mb
     sub-directories of 1Mb or more:
     doc 2.2Mb
     libs 2.9Mb
Flavors: r-release-macos-arm64, r-release-macos-x86_64, r-release-windows-ix86+x86_64, r-oldrel-macos-x86_64, r-oldrel-windows-ix86+x86_64