CRAN Package Check Results for Package bayesGARCH

Last updated on 2021-09-20 22:55:10 CEST.

Flavor Version Tinstall Tcheck Ttotal Status Flags
r-devel-linux-x86_64-debian-clang 2.1.10 3.31 33.65 36.96 OK
r-devel-linux-x86_64-debian-gcc 2.1.10 2.36 26.20 28.56 OK
r-devel-linux-x86_64-fedora-clang 2.1.10 53.62 NOTE
r-devel-linux-x86_64-fedora-gcc 2.1.10 42.68 OK
r-devel-windows-x86_64 2.1.10 6.00 41.00 47.00 OK
r-devel-windows-x86_64-gcc10-UCRT 2.1.10 ERROR
r-patched-linux-x86_64 2.1.10 2.82 32.16 34.98 OK
r-patched-solaris-x86 2.1.10 63.60 OK
r-release-linux-x86_64 2.1.10 3.06 32.53 35.59 OK
r-release-macos-arm64 2.1.10 OK
r-release-macos-x86_64 2.1.10 OK
r-release-windows-ix86+x86_64 2.1.10 8.00 65.00 73.00 OK
r-oldrel-macos-x86_64 2.1.10 OK
r-oldrel-windows-ix86+x86_64 2.1.10 9.00 51.00 60.00 OK

Check Details

Version: 2.1.10
Check: Rd cross-references
Result: NOTE
    Undeclared package ‘fGarch’ in Rd xrefs
Flavor: r-devel-linux-x86_64-fedora-clang

Version: 2.1.10
Check: whether package can be installed
Result: ERROR
    Installation failed.
Flavor: r-devel-windows-x86_64-gcc10-UCRT