CRAN Package Check Results for Package bayesbio

Last updated on 2021-11-27 03:57:51 CET.

Flavor Version Tinstall Tcheck Ttotal Status Flags
r-devel-linux-x86_64-debian-clang 1.0.0 2.32 23.08 25.40 NOTE
r-devel-linux-x86_64-debian-gcc 1.0.0 1.79 18.43 20.22 NOTE
r-devel-linux-x86_64-fedora-clang 1.0.0 42.34 NOTE
r-devel-linux-x86_64-fedora-gcc 1.0.0 31.05 NOTE
r-devel-windows-x86_64-new-UL 1.0.0 6.00 63.00 69.00 NOTE
r-devel-windows-x86_64-new-TK 1.0.0 NOTE
r-devel-windows-x86_64-old 1.0.0 3.00 44.00 47.00 NOTE
r-patched-linux-x86_64 1.0.0 2.09 22.09 24.18 NOTE
r-patched-solaris-x86 1.0.0 47.70 NOTE
r-release-linux-x86_64 1.0.0 NOTE
r-release-macos-arm64 1.0.0 NOTE
r-release-macos-x86_64 1.0.0 NOTE
r-release-windows-ix86+x86_64 1.0.0 4.00 30.00 34.00 NOTE
r-oldrel-macos-x86_64 1.0.0 OK
r-oldrel-windows-ix86+x86_64 1.0.0 4.00 40.00 44.00 OK

Check Details

Version: 1.0.0
Check: LazyData
Result: NOTE
     'LazyData' is specified without a 'data' directory
Flavors: r-devel-linux-x86_64-debian-clang, r-devel-linux-x86_64-debian-gcc, r-devel-linux-x86_64-fedora-clang, r-devel-linux-x86_64-fedora-gcc, r-devel-windows-x86_64-new-UL, r-devel-windows-x86_64-new-TK, r-devel-windows-x86_64-old, r-patched-linux-x86_64, r-patched-solaris-x86, r-release-linux-x86_64, r-release-macos-arm64, r-release-macos-x86_64, r-release-windows-ix86+x86_64