CRAN Package Check Results for Package bayesnec

Last updated on 2021-10-17 22:48:27 CEST.

Flavor Version Tinstall Tcheck Ttotal Status Flags
r-devel-linux-x86_64-debian-clang 2.0.1 28.05 486.20 514.25 ERROR
r-devel-linux-x86_64-debian-gcc 2.0.1 24.87 353.68 378.55 ERROR
r-devel-linux-x86_64-fedora-clang 2.0.2 629.47 OK
r-devel-linux-x86_64-fedora-gcc 2.0.1 637.27 ERROR
r-devel-windows-x86_64 2.0.1 48.00 613.00 661.00 ERROR
r-devel-windows-x86_64-gcc10-UCRT 2.0.1 ERROR
r-patched-linux-x86_64 2.0.1 38.26 468.28 506.54 ERROR
r-patched-solaris-x86 2.0.2 688.40 OK
r-release-linux-x86_64 2.0.1 28.23 463.26 491.49 ERROR
r-release-macos-arm64 2.0.1 OK
r-release-macos-x86_64 2.0.1 OK
r-release-windows-ix86+x86_64 2.0.1 67.00 606.00 673.00 ERROR
r-oldrel-macos-x86_64 2.0.1 OK
r-oldrel-windows-ix86+x86_64 2.0.1 70.00 606.00 676.00 ERROR

Check Details

Version: 2.0.1
Check: tests
Result: ERROR
     Running 'testthat.R' [270s/294s]
    Running the tests in 'tests/testthat.R' failed.
    Complete output:
     > library(testthat)
     > library(bayesnec)
     Loading required package: brms
     Loading required package: Rcpp
     Loading 'brms' package (version 2.16.1). Useful instructions
     can be found by typing help('brms'). A more detailed introduction
     to the package is available through vignette('brms_overview').
    
     Attaching package: 'brms'
    
     The following object is masked from 'package:stats':
    
     ar
    
     Loading required package: ggplot2
     >
     > test_check("bayesnec")
    
     Attaching package: 'dplyr'
    
     The following object is masked from 'package:testthat':
    
     matches
    
     The following objects are masked from 'package:stats':
    
     filter, lag
    
     The following objects are masked from 'package:base':
    
     intersect, setdiff, setequal, union
    
     All models failed the rhat_cutoff of 1
     Dropping the model(s) nec3param, ecxexp as they are not valid in the case of a logit link.
     Dropping the model(s) nec3param, ecxexp as they are not valid in the case of a logit link.
     Dropping the model(s) nec3param, ecxexp as they are not valid in the case of a log link.
     Dropping the model(s) nec3param, ecxexp as they are not valid in the case of a logit link.
     Dropping the model(s) nec3param, ecxexp as they are not valid in the case of a logit link.
     Dropping the model(s) neclin, neclinhorme, ecxlin as they are not valid in the case of a beta with identity link.
     Dropping the model(s) neclin, neclinhorme, ecxlin as they are not valid in the case of a binomial with identity link.
     Dropping the model neclin, neclinhorme, ecxlin, nechormepwr01 as they are not valid in the case of a poisson with identity link.
     Dropping the model neclin, neclinhorme, ecxlin, nechormepwr01 as they are not valid in the case of a negbinomial with identity link.
     Dropping the model neclin, neclinhorme, ecxlin, nechormepwr01 as they are not valid in the case of a Gamma with identity link.
     Dropping the model(s) nec3param, ecxexp as they are not valid in the case of Gaussian y data.
     Probability density plots saved to file dVZ5SkyFt811r6H11.pdf
     == Failed tests ================================================================
     -- Failure (test-expand_classes.R:120:3): new loo_controls are incorporated ----
     `.` (`actual`) not equal to "pseudobma" (`expected`).
    
     `actual` is an S3 object of class <simpleMessage/message/condition>, a list
     `expected` is a character vector ('pseudobma')
     Backtrace:
     x
     1. +-`%>%`(...) test-expand_classes.R:120:2
     2. +-base::suppressWarnings(.)
     3. | \-base::withCallingHandlers(...)
     4. \-testthat::expect_equal(., "pseudobma")
     -- Failure (test-expand_classes.R:126:3): new loo_controls are incorporated ----
     `.` (`actual`) not equal to "stacking" (`expected`).
    
     `actual` is an S3 object of class <simpleMessage/message/condition>, a list
     `expected` is a character vector ('stacking')
     Backtrace:
     x
     1. +-`%>%`(...) test-expand_classes.R:126:2
     2. +-base::suppressWarnings(.)
     3. | \-base::withCallingHandlers(...)
     4. \-testthat::expect_equal(., "stacking")
     -- Failure (test-nec.R:27:3): works for bayesmanecfit --------------------------
     names(nec1) (`actual`) not equal to c("50%", "2.5%", "97.5%") (`expected`).
    
     `actual`: "message" "call" "trace"
     `expected`: "50%" "2.5%" "97.5%"
    
     [ FAIL 3 | WARN 0 | SKIP 0 | PASS 380 ]
     Error: Test failures
     Execution halted
Flavor: r-devel-linux-x86_64-debian-clang

Version: 2.0.1
Check: tests
Result: ERROR
     Running ‘testthat.R’ [190s/273s]
    Running the tests in ‘tests/testthat.R’ failed.
    Complete output:
     > library(testthat)
     > library(bayesnec)
     Loading required package: brms
     Loading required package: Rcpp
     Loading 'brms' package (version 2.16.1). Useful instructions
     can be found by typing help('brms'). A more detailed introduction
     to the package is available through vignette('brms_overview').
    
     Attaching package: 'brms'
    
     The following object is masked from 'package:stats':
    
     ar
    
     Loading required package: ggplot2
     >
     > test_check("bayesnec")
    
     Attaching package: 'dplyr'
    
     The following object is masked from 'package:testthat':
    
     matches
    
     The following objects are masked from 'package:stats':
    
     filter, lag
    
     The following objects are masked from 'package:base':
    
     intersect, setdiff, setequal, union
    
     All models failed the rhat_cutoff of 1
     Dropping the model(s) nec3param, ecxexp as they are not valid in the case of a logit link.
     Dropping the model(s) nec3param, ecxexp as they are not valid in the case of a logit link.
     Dropping the model(s) nec3param, ecxexp as they are not valid in the case of a log link.
     Dropping the model(s) nec3param, ecxexp as they are not valid in the case of a logit link.
     Dropping the model(s) nec3param, ecxexp as they are not valid in the case of a logit link.
     Dropping the model(s) neclin, neclinhorme, ecxlin as they are not valid in the case of a beta with identity link.
     Dropping the model(s) neclin, neclinhorme, ecxlin as they are not valid in the case of a binomial with identity link.
     Dropping the model neclin, neclinhorme, ecxlin, nechormepwr01 as they are not valid in the case of a poisson with identity link.
     Dropping the model neclin, neclinhorme, ecxlin, nechormepwr01 as they are not valid in the case of a negbinomial with identity link.
     Dropping the model neclin, neclinhorme, ecxlin, nechormepwr01 as they are not valid in the case of a Gamma with identity link.
     Dropping the model(s) nec3param, ecxexp as they are not valid in the case of Gaussian y data.
     Probability density plots saved to file IEqi2osT3bM10W97.pdf
     ══ Failed tests ════════════════════════════════════════════════════════════════
     ── Failure (test-expand_classes.R:120:3): new loo_controls are incorporated ────
     `.` (`actual`) not equal to "pseudobma" (`expected`).
    
     `actual` is an S3 object of class <simpleMessage/message/condition>, a list
     `expected` is a character vector ('pseudobma')
     Backtrace:
     █
     1. ├─`%>%`(...) test-expand_classes.R:120:2
     2. ├─base::suppressWarnings(.)
     3. │ └─base::withCallingHandlers(...)
     4. └─testthat::expect_equal(., "pseudobma")
     ── Failure (test-expand_classes.R:126:3): new loo_controls are incorporated ────
     `.` (`actual`) not equal to "stacking" (`expected`).
    
     `actual` is an S3 object of class <simpleMessage/message/condition>, a list
     `expected` is a character vector ('stacking')
     Backtrace:
     █
     1. ├─`%>%`(...) test-expand_classes.R:126:2
     2. ├─base::suppressWarnings(.)
     3. │ └─base::withCallingHandlers(...)
     4. └─testthat::expect_equal(., "stacking")
     ── Failure (test-nec.R:27:3): works for bayesmanecfit ──────────────────────────
     names(nec1) (`actual`) not equal to c("50%", "2.5%", "97.5%") (`expected`).
    
     `actual`: "message" "call" "trace"
     `expected`: "50%" "2.5%" "97.5%"
    
     [ FAIL 3 | WARN 0 | SKIP 0 | PASS 380 ]
     Error: Test failures
     Execution halted
Flavor: r-devel-linux-x86_64-debian-gcc

Version: 2.0.1
Check: tests
Result: ERROR
     Running ‘testthat.R’ [5m/11m]
    Running the tests in ‘tests/testthat.R’ failed.
    Complete output:
     > library(testthat)
     > library(bayesnec)
     Loading required package: brms
     Loading required package: Rcpp
     Loading 'brms' package (version 2.16.1). Useful instructions
     can be found by typing help('brms'). A more detailed introduction
     to the package is available through vignette('brms_overview').
    
     Attaching package: 'brms'
    
     The following object is masked from 'package:stats':
    
     ar
    
     Loading required package: ggplot2
     >
     > test_check("bayesnec")
    
     Attaching package: 'dplyr'
    
     The following object is masked from 'package:testthat':
    
     matches
    
     The following objects are masked from 'package:stats':
    
     filter, lag
    
     The following objects are masked from 'package:base':
    
     intersect, setdiff, setequal, union
    
     All models failed the rhat_cutoff of 1
     Dropping the model(s) nec3param, ecxexp as they are not valid in the case of a logit link.
     Dropping the model(s) nec3param, ecxexp as they are not valid in the case of a logit link.
     Dropping the model(s) nec3param, ecxexp as they are not valid in the case of a log link.
     Dropping the model(s) nec3param, ecxexp as they are not valid in the case of a logit link.
     Dropping the model(s) nec3param, ecxexp as they are not valid in the case of a logit link.
     Dropping the model(s) neclin, neclinhorme, ecxlin as they are not valid in the case of a beta with identity link.
     Dropping the model(s) neclin, neclinhorme, ecxlin as they are not valid in the case of a binomial with identity link.
     Dropping the model neclin, neclinhorme, ecxlin, nechormepwr01 as they are not valid in the case of a poisson with identity link.
     Dropping the model neclin, neclinhorme, ecxlin, nechormepwr01 as they are not valid in the case of a negbinomial with identity link.
     Dropping the model neclin, neclinhorme, ecxlin, nechormepwr01 as they are not valid in the case of a Gamma with identity link.
     Dropping the model(s) nec3param, ecxexp as they are not valid in the case of Gaussian y data.
     Probability density plots saved to file zK8LGn1514rd1211IVw.pdf
     ══ Failed tests ════════════════════════════════════════════════════════════════
     ── Failure (test-expand_classes.R:120:3): new loo_controls are incorporated ────
     `.` (`actual`) not equal to "pseudobma" (`expected`).
    
     `actual` is an S3 object of class <simpleMessage/message/condition>, a list
     `expected` is a character vector ('pseudobma')
     Backtrace:
     █
     1. ├─`%>%`(...) test-expand_classes.R:120:2
     2. ├─base::suppressWarnings(.)
     3. │ └─base::withCallingHandlers(...)
     4. └─testthat::expect_equal(., "pseudobma")
     ── Failure (test-expand_classes.R:126:3): new loo_controls are incorporated ────
     `.` (`actual`) not equal to "stacking" (`expected`).
    
     `actual` is an S3 object of class <simpleMessage/message/condition>, a list
     `expected` is a character vector ('stacking')
     Backtrace:
     █
     1. ├─`%>%`(...) test-expand_classes.R:126:2
     2. ├─base::suppressWarnings(.)
     3. │ └─base::withCallingHandlers(...)
     4. └─testthat::expect_equal(., "stacking")
     ── Failure (test-nec.R:27:3): works for bayesmanecfit ──────────────────────────
     names(nec1) (`actual`) not equal to c("50%", "2.5%", "97.5%") (`expected`).
    
     `actual`: "message" "call" "trace"
     `expected`: "50%" "2.5%" "97.5%"
    
     [ FAIL 3 | WARN 0 | SKIP 0 | PASS 380 ]
     Error: Test failures
     Execution halted
Flavor: r-devel-linux-x86_64-fedora-gcc

Version: 2.0.1
Check: tests
Result: ERROR
     Running 'testthat.R' [335s]
    Running the tests in 'tests/testthat.R' failed.
    Complete output:
     > library(testthat)
     > library(bayesnec)
     Loading required package: brms
     Loading required package: Rcpp
     Loading 'brms' package (version 2.16.1). Useful instructions
     can be found by typing help('brms'). A more detailed introduction
     to the package is available through vignette('brms_overview').
    
     Attaching package: 'brms'
    
     The following object is masked from 'package:stats':
    
     ar
    
     Loading required package: ggplot2
     >
     > test_check("bayesnec")
    
     Attaching package: 'dplyr'
    
     The following object is masked from 'package:testthat':
    
     matches
    
     The following objects are masked from 'package:stats':
    
     filter, lag
    
     The following objects are masked from 'package:base':
    
     intersect, setdiff, setequal, union
    
     All models failed the rhat_cutoff of 1
     Dropping the model(s) nec3param, ecxexp as they are not valid in the case of a logit link.
     Dropping the model(s) nec3param, ecxexp as they are not valid in the case of a logit link.
     Dropping the model(s) nec3param, ecxexp as they are not valid in the case of a log link.
     Dropping the model(s) nec3param, ecxexp as they are not valid in the case of a logit link.
     Dropping the model(s) nec3param, ecxexp as they are not valid in the case of a logit link.
     Dropping the model(s) neclin, neclinhorme, ecxlin as they are not valid in the case of a beta with identity link.
     Dropping the model(s) neclin, neclinhorme, ecxlin as they are not valid in the case of a binomial with identity link.
     Dropping the model neclin, neclinhorme, ecxlin, nechormepwr01 as they are not valid in the case of a poisson with identity link.
     Dropping the model neclin, neclinhorme, ecxlin, nechormepwr01 as they are not valid in the case of a negbinomial with identity link.
     Dropping the model neclin, neclinhorme, ecxlin, nechormepwr01 as they are not valid in the case of a Gamma with identity link.
     Dropping the model(s) nec3param, ecxexp as they are not valid in the case of Gaussian y data.
     Probability density plots saved to file E0tTcj2uX11qK15J7.pdf
     == Failed tests ================================================================
     -- Failure (test-expand_classes.R:120:3): new loo_controls are incorporated ----
     `.` (`actual`) not equal to "pseudobma" (`expected`).
    
     `actual` is an S3 object of class <simpleMessage/message/condition>, a list
     `expected` is a character vector ('pseudobma')
     Backtrace:
     x
     1. +-`%>%`(...) test-expand_classes.R:120:2
     2. +-base::suppressWarnings(.)
     3. | \-base::withCallingHandlers(...)
     4. \-testthat::expect_equal(., "pseudobma")
     -- Failure (test-expand_classes.R:126:3): new loo_controls are incorporated ----
     `.` (`actual`) not equal to "stacking" (`expected`).
    
     `actual` is an S3 object of class <simpleMessage/message/condition>, a list
     `expected` is a character vector ('stacking')
     Backtrace:
     x
     1. +-`%>%`(...) test-expand_classes.R:126:2
     2. +-base::suppressWarnings(.)
     3. | \-base::withCallingHandlers(...)
     4. \-testthat::expect_equal(., "stacking")
     -- Failure (test-nec.R:27:3): works for bayesmanecfit --------------------------
     names(nec1) (`actual`) not equal to c("50%", "2.5%", "97.5%") (`expected`).
    
     `actual`: "message" "call" "trace"
     `expected`: "50%" "2.5%" "97.5%"
    
     [ FAIL 3 | WARN 0 | SKIP 0 | PASS 380 ]
     Error: Test failures
     Execution halted
Flavor: r-devel-windows-x86_64

Version: 2.0.1
Check: tests
Result: ERROR
     Running 'testthat.R'
    Running the tests in 'tests/testthat.R' failed.
    Complete output:
     > library(testthat)
     > library(bayesnec)
     Loading required package: brms
     Loading required package: Rcpp
     Loading 'brms' package (version 2.16.1). Useful instructions
     can be found by typing help('brms'). A more detailed introduction
     to the package is available through vignette('brms_overview').
    
     Attaching package: 'brms'
    
     The following object is masked from 'package:stats':
    
     ar
    
     Loading required package: ggplot2
     >
     > test_check("bayesnec")
    
     Attaching package: 'dplyr'
    
     The following object is masked from 'package:testthat':
    
     matches
    
     The following objects are masked from 'package:stats':
    
     filter, lag
    
     The following objects are masked from 'package:base':
    
     intersect, setdiff, setequal, union
    
     All models failed the rhat_cutoff of 1
     Dropping the model(s) nec3param, ecxexp as they are not valid in the case of a logit link.
     Dropping the model(s) nec3param, ecxexp as they are not valid in the case of a logit link.
     Dropping the model(s) nec3param, ecxexp as they are not valid in the case of a log link.
     Dropping the model(s) nec3param, ecxexp as they are not valid in the case of a logit link.
     Dropping the model(s) nec3param, ecxexp as they are not valid in the case of a logit link.
     Dropping the model(s) neclin, neclinhorme, ecxlin as they are not valid in the case of a beta with identity link.
     Dropping the model(s) neclin, neclinhorme, ecxlin as they are not valid in the case of a binomial with identity link.
     Dropping the model neclin, neclinhorme, ecxlin, nechormepwr01 as they are not valid in the case of a poisson with identity link.
     Dropping the model neclin, neclinhorme, ecxlin, nechormepwr01 as they are not valid in the case of a negbinomial with identity link.
     Dropping the model neclin, neclinhorme, ecxlin, nechormepwr01 as they are not valid in the case of a Gamma with identity link.
     Dropping the model(s) nec3param, ecxexp as they are not valid in the case of Gaussian y data.
     Probability density plots saved to file 4n1303dNEDuPhf4Y.pdf
     ══ Failed tests ════════════════════════════════════════════════════════════════
     ── Failure (test-expand_classes.R:120:3): new loo_controls are incorporated ────
     `.` (`actual`) not equal to "pseudobma" (`expected`).
    
     `actual` is an S3 object of class <simpleMessage/message/condition>, a list
     `expected` is a character vector ('pseudobma')
     Backtrace:
     █
     1. ├─`%>%`(...) test-expand_classes.R:120:2
     2. ├─base::suppressWarnings(.)
     3. │ └─base::withCallingHandlers(...)
     4. └─testthat::expect_equal(., "pseudobma")
     ── Failure (test-expand_classes.R:126:3): new loo_controls are incorporated ────
     `.` (`actual`) not equal to "stacking" (`expected`).
    
     `actual` is an S3 object of class <simpleMessage/message/condition>, a list
     `expected` is a character vector ('stacking')
     Backtrace:
     █
     1. ├─`%>%`(...) test-expand_classes.R:126:2
     2. ├─base::suppressWarnings(.)
     3. │ └─base::withCallingHandlers(...)
     4. └─testthat::expect_equal(., "stacking")
     ── Failure (test-nec.R:27:3): works for bayesmanecfit ──────────────────────────
     names(nec1) (`actual`) not equal to c("50%", "2.5%", "97.5%") (`expected`).
    
     `actual`: "message" "call" "trace"
     `expected`: "50%" "2.5%" "97.5%"
    
     [ FAIL 3 | WARN 0 | SKIP 0 | PASS 380 ]
     Error: Test failures
     Execution halted
Flavor: r-devel-windows-x86_64-gcc10-UCRT

Version: 2.0.1
Check: tests
Result: ERROR
     Running ‘testthat.R’ [262s/293s]
    Running the tests in ‘tests/testthat.R’ failed.
    Complete output:
     > library(testthat)
     > library(bayesnec)
     Loading required package: brms
     Loading required package: Rcpp
     Loading 'brms' package (version 2.16.1). Useful instructions
     can be found by typing help('brms'). A more detailed introduction
     to the package is available through vignette('brms_overview').
    
     Attaching package: 'brms'
    
     The following object is masked from 'package:stats':
    
     ar
    
     Loading required package: ggplot2
     >
     > test_check("bayesnec")
    
     Attaching package: 'dplyr'
    
     The following object is masked from 'package:testthat':
    
     matches
    
     The following objects are masked from 'package:stats':
    
     filter, lag
    
     The following objects are masked from 'package:base':
    
     intersect, setdiff, setequal, union
    
     All models failed the rhat_cutoff of 1
     Dropping the model(s) nec3param, ecxexp as they are not valid in the case of a logit link.
     Dropping the model(s) nec3param, ecxexp as they are not valid in the case of a logit link.
     Dropping the model(s) nec3param, ecxexp as they are not valid in the case of a log link.
     Dropping the model(s) nec3param, ecxexp as they are not valid in the case of a logit link.
     Dropping the model(s) nec3param, ecxexp as they are not valid in the case of a logit link.
     Dropping the model(s) neclin, neclinhorme, ecxlin as they are not valid in the case of a beta with identity link.
     Dropping the model(s) neclin, neclinhorme, ecxlin as they are not valid in the case of a binomial with identity link.
     Dropping the model neclin, neclinhorme, ecxlin, nechormepwr01 as they are not valid in the case of a poisson with identity link.
     Dropping the model neclin, neclinhorme, ecxlin, nechormepwr01 as they are not valid in the case of a negbinomial with identity link.
     Dropping the model neclin, neclinhorme, ecxlin, nechormepwr01 as they are not valid in the case of a Gamma with identity link.
     Dropping the model(s) nec3param, ecxexp as they are not valid in the case of Gaussian y data.
     Probability density plots saved to file 6s614KWdeOJ13Aru.pdf
     ══ Failed tests ════════════════════════════════════════════════════════════════
     ── Failure (test-expand_classes.R:120:3): new loo_controls are incorporated ────
     `.` (`actual`) not equal to "pseudobma" (`expected`).
    
     `actual` is an S3 object of class <simpleMessage/message/condition>, a list
     `expected` is a character vector ('pseudobma')
     Backtrace:
     █
     1. ├─`%>%`(...) test-expand_classes.R:120:2
     2. ├─base::suppressWarnings(.)
     3. │ └─base::withCallingHandlers(...)
     4. └─testthat::expect_equal(., "pseudobma")
     ── Failure (test-expand_classes.R:126:3): new loo_controls are incorporated ────
     `.` (`actual`) not equal to "stacking" (`expected`).
    
     `actual` is an S3 object of class <simpleMessage/message/condition>, a list
     `expected` is a character vector ('stacking')
     Backtrace:
     █
     1. ├─`%>%`(...) test-expand_classes.R:126:2
     2. ├─base::suppressWarnings(.)
     3. │ └─base::withCallingHandlers(...)
     4. └─testthat::expect_equal(., "stacking")
     ── Failure (test-nec.R:27:3): works for bayesmanecfit ──────────────────────────
     names(nec1) (`actual`) not equal to c("50%", "2.5%", "97.5%") (`expected`).
    
     `actual`: "message" "call" "trace"
     `expected`: "50%" "2.5%" "97.5%"
    
     [ FAIL 3 | WARN 0 | SKIP 0 | PASS 380 ]
     Error: Test failures
     Execution halted
Flavor: r-patched-linux-x86_64

Version: 2.0.1
Check: tests
Result: ERROR
     Running ‘testthat.R’ [256s/289s]
    Running the tests in ‘tests/testthat.R’ failed.
    Complete output:
     > library(testthat)
     > library(bayesnec)
     Loading required package: brms
     Loading required package: Rcpp
     Loading 'brms' package (version 2.16.1). Useful instructions
     can be found by typing help('brms'). A more detailed introduction
     to the package is available through vignette('brms_overview').
    
     Attaching package: 'brms'
    
     The following object is masked from 'package:stats':
    
     ar
    
     Loading required package: ggplot2
     >
     > test_check("bayesnec")
    
     Attaching package: 'dplyr'
    
     The following object is masked from 'package:testthat':
    
     matches
    
     The following objects are masked from 'package:stats':
    
     filter, lag
    
     The following objects are masked from 'package:base':
    
     intersect, setdiff, setequal, union
    
     All models failed the rhat_cutoff of 1
     Dropping the model(s) nec3param, ecxexp as they are not valid in the case of a logit link.
     Dropping the model(s) nec3param, ecxexp as they are not valid in the case of a logit link.
     Dropping the model(s) nec3param, ecxexp as they are not valid in the case of a log link.
     Dropping the model(s) nec3param, ecxexp as they are not valid in the case of a logit link.
     Dropping the model(s) nec3param, ecxexp as they are not valid in the case of a logit link.
     Dropping the model(s) neclin, neclinhorme, ecxlin as they are not valid in the case of a beta with identity link.
     Dropping the model(s) neclin, neclinhorme, ecxlin as they are not valid in the case of a binomial with identity link.
     Dropping the model neclin, neclinhorme, ecxlin, nechormepwr01 as they are not valid in the case of a poisson with identity link.
     Dropping the model neclin, neclinhorme, ecxlin, nechormepwr01 as they are not valid in the case of a negbinomial with identity link.
     Dropping the model neclin, neclinhorme, ecxlin, nechormepwr01 as they are not valid in the case of a Gamma with identity link.
     Dropping the model(s) nec3param, ecxexp as they are not valid in the case of Gaussian y data.
     Probability density plots saved to file f51313EVb5ed14KHUq.pdf
     ══ Failed tests ════════════════════════════════════════════════════════════════
     ── Failure (test-expand_classes.R:120:3): new loo_controls are incorporated ────
     `.` (`actual`) not equal to "pseudobma" (`expected`).
    
     `actual` is an S3 object of class <simpleMessage/message/condition>, a list
     `expected` is a character vector ('pseudobma')
     Backtrace:
     █
     1. ├─`%>%`(...) test-expand_classes.R:120:2
     2. ├─base::suppressWarnings(.)
     3. │ └─base::withCallingHandlers(...)
     4. └─testthat::expect_equal(., "pseudobma")
     ── Failure (test-expand_classes.R:126:3): new loo_controls are incorporated ────
     `.` (`actual`) not equal to "stacking" (`expected`).
    
     `actual` is an S3 object of class <simpleMessage/message/condition>, a list
     `expected` is a character vector ('stacking')
     Backtrace:
     █
     1. ├─`%>%`(...) test-expand_classes.R:126:2
     2. ├─base::suppressWarnings(.)
     3. │ └─base::withCallingHandlers(...)
     4. └─testthat::expect_equal(., "stacking")
     ── Failure (test-nec.R:27:3): works for bayesmanecfit ──────────────────────────
     names(nec1) (`actual`) not equal to c("50%", "2.5%", "97.5%") (`expected`).
    
     `actual`: "message" "call" "trace"
     `expected`: "50%" "2.5%" "97.5%"
    
     [ FAIL 3 | WARN 0 | SKIP 0 | PASS 380 ]
     Error: Test failures
     Execution halted
Flavor: r-release-linux-x86_64

Version: 2.0.1
Check: tests
Result: ERROR
     Running 'testthat.R' [331s]
    Running the tests in 'tests/testthat.R' failed.
    Complete output:
     > library(testthat)
     > library(bayesnec)
     Loading required package: brms
     Loading required package: Rcpp
     Loading 'brms' package (version 2.16.1). Useful instructions
     can be found by typing help('brms'). A more detailed introduction
     to the package is available through vignette('brms_overview').
    
     Attaching package: 'brms'
    
     The following object is masked from 'package:stats':
    
     ar
    
     Loading required package: ggplot2
     >
     > test_check("bayesnec")
    
     Attaching package: 'dplyr'
    
     The following object is masked from 'package:testthat':
    
     matches
    
     The following objects are masked from 'package:stats':
    
     filter, lag
    
     The following objects are masked from 'package:base':
    
     intersect, setdiff, setequal, union
    
     All models failed the rhat_cutoff of 1
     Dropping the model(s) nec3param, ecxexp as they are not valid in the case of a logit link.
     Dropping the model(s) nec3param, ecxexp as they are not valid in the case of a logit link.
     Dropping the model(s) nec3param, ecxexp as they are not valid in the case of a log link.
     Dropping the model(s) nec3param, ecxexp as they are not valid in the case of a logit link.
     Dropping the model(s) nec3param, ecxexp as they are not valid in the case of a logit link.
     Dropping the model(s) neclin, neclinhorme, ecxlin as they are not valid in the case of a beta with identity link.
     Dropping the model(s) neclin, neclinhorme, ecxlin as they are not valid in the case of a binomial with identity link.
     Dropping the model neclin, neclinhorme, ecxlin, nechormepwr01 as they are not valid in the case of a poisson with identity link.
     Dropping the model neclin, neclinhorme, ecxlin, nechormepwr01 as they are not valid in the case of a negbinomial with identity link.
     Dropping the model neclin, neclinhorme, ecxlin, nechormepwr01 as they are not valid in the case of a Gamma with identity link.
     Dropping the model(s) nec3param, ecxexp as they are not valid in the case of Gaussian y data.
     Probability density plots saved to file dUmhH51413af1DB9N.pdf
     == Failed tests ================================================================
     -- Failure (test-expand_classes.R:120:3): new loo_controls are incorporated ----
     `.` (`actual`) not equal to "pseudobma" (`expected`).
    
     `actual` is an S3 object of class <simpleMessage/message/condition>, a list
     `expected` is a character vector ('pseudobma')
     Backtrace:
     x
     1. +-`%>%`(...) test-expand_classes.R:120:2
     2. +-base::suppressWarnings(.)
     3. | \-base::withCallingHandlers(...)
     4. \-testthat::expect_equal(., "pseudobma")
     -- Failure (test-expand_classes.R:126:3): new loo_controls are incorporated ----
     `.` (`actual`) not equal to "stacking" (`expected`).
    
     `actual` is an S3 object of class <simpleMessage/message/condition>, a list
     `expected` is a character vector ('stacking')
     Backtrace:
     x
     1. +-`%>%`(...) test-expand_classes.R:126:2
     2. +-base::suppressWarnings(.)
     3. | \-base::withCallingHandlers(...)
     4. \-testthat::expect_equal(., "stacking")
     -- Failure (test-nec.R:27:3): works for bayesmanecfit --------------------------
     names(nec1) (`actual`) not equal to c("50%", "2.5%", "97.5%") (`expected`).
    
     `actual`: "message" "call" "trace"
     `expected`: "50%" "2.5%" "97.5%"
    
     [ FAIL 3 | WARN 0 | SKIP 0 | PASS 380 ]
     Error: Test failures
     Execution halted
Flavor: r-release-windows-ix86+x86_64

Version: 2.0.1
Check: tests
Result: ERROR
     Running 'testthat.R' [333s]
    Running the tests in 'tests/testthat.R' failed.
    Complete output:
     > library(testthat)
     > library(bayesnec)
     Loading required package: brms
     Loading required package: Rcpp
     Loading 'brms' package (version 2.16.1). Useful instructions
     can be found by typing help('brms'). A more detailed introduction
     to the package is available through vignette('brms_overview').
    
     Attaching package: 'brms'
    
     The following object is masked from 'package:stats':
    
     ar
    
     Loading required package: ggplot2
     >
     > test_check("bayesnec")
    
     Attaching package: 'dplyr'
    
     The following object is masked from 'package:testthat':
    
     matches
    
     The following objects are masked from 'package:stats':
    
     filter, lag
    
     The following objects are masked from 'package:base':
    
     intersect, setdiff, setequal, union
    
     All models failed the rhat_cutoff of 1
     Dropping the model(s) nec3param, ecxexp as they are not valid in the case of a logit link.
     Dropping the model(s) nec3param, ecxexp as they are not valid in the case of a logit link.
     Dropping the model(s) nec3param, ecxexp as they are not valid in the case of a log link.
     Dropping the model(s) nec3param, ecxexp as they are not valid in the case of a logit link.
     Dropping the model(s) nec3param, ecxexp as they are not valid in the case of a logit link.
     Dropping the model(s) neclin, neclinhorme, ecxlin as they are not valid in the case of a beta with identity link.
     Dropping the model(s) neclin, neclinhorme, ecxlin as they are not valid in the case of a binomial with identity link.
     Dropping the model neclin, neclinhorme, ecxlin, nechormepwr01 as they are not valid in the case of a poisson with identity link.
     Dropping the model neclin, neclinhorme, ecxlin, nechormepwr01 as they are not valid in the case of a negbinomial with identity link.
     Dropping the model neclin, neclinhorme, ecxlin, nechormepwr01 as they are not valid in the case of a Gamma with identity link.
     Dropping the model(s) nec3param, ecxexp as they are not valid in the case of Gaussian y data.
     Probability density plots saved to file 135O7kFQtSI14ae14s.pdf
     == Failed tests ================================================================
     -- Failure (test-expand_classes.R:120:3): new loo_controls are incorporated ----
     `.` (`actual`) not equal to "pseudobma" (`expected`).
    
     `actual` is an S3 object of class <simpleMessage/message/condition>, a list
     `expected` is a character vector ('pseudobma')
     Backtrace:
     x
     1. +-`%>%`(...) test-expand_classes.R:120:2
     2. +-base::suppressWarnings(.)
     3. | \-base::withCallingHandlers(...)
     4. \-testthat::expect_equal(., "pseudobma")
     -- Failure (test-expand_classes.R:126:3): new loo_controls are incorporated ----
     `.` (`actual`) not equal to "stacking" (`expected`).
    
     `actual` is an S3 object of class <simpleMessage/message/condition>, a list
     `expected` is a character vector ('stacking')
     Backtrace:
     x
     1. +-`%>%`(...) test-expand_classes.R:126:2
     2. +-base::suppressWarnings(.)
     3. | \-base::withCallingHandlers(...)
     4. \-testthat::expect_equal(., "stacking")
     -- Failure (test-nec.R:27:3): works for bayesmanecfit --------------------------
     names(nec1) (`actual`) not equal to c("50%", "2.5%", "97.5%") (`expected`).
    
     `actual`: "message" "call" "trace"
     `expected`: "50%" "2.5%" "97.5%"
    
     [ FAIL 3 | WARN 0 | SKIP 0 | PASS 380 ]
     Error: Test failures
     Execution halted
Flavor: r-oldrel-windows-ix86+x86_64