CRAN Package Check Results for Package bayestestR

Last updated on 2021-12-01 11:51:45 CET.

Flavor Version Tinstall Tcheck Ttotal Status Flags
r-devel-linux-x86_64-debian-clang 0.11.5 14.97 341.78 356.75 OK
r-devel-linux-x86_64-debian-gcc 0.11.5 9.36 257.38 266.74 OK
r-devel-linux-x86_64-fedora-clang 0.11.5 421.88 NOTE
r-devel-linux-x86_64-fedora-gcc 0.11.5 420.43 OK
r-devel-windows-x86_64-new-UL 0.11.5 38.00 569.00 607.00 NOTE
r-devel-windows-x86_64-new-TK 0.11.5 OK
r-devel-windows-x86_64-old 0.11.5 20.00 347.00 367.00 NOTE
r-patched-linux-x86_64 0.11.5 15.21 368.95 384.16 OK
r-patched-solaris-x86 0.11.5 722.90 NOTE
r-release-linux-x86_64 0.11.5 12.23 367.91 380.14 OK
r-release-macos-arm64 0.11.5 NOTE
r-release-macos-x86_64 0.11.5 NOTE
r-release-windows-ix86+x86_64 0.11.5 21.00 567.00 588.00 NOTE
r-oldrel-macos-x86_64 0.11.5 NOTE
r-oldrel-windows-ix86+x86_64 0.11.5 15.00 452.00 467.00 NOTE

Check Details

Version: 0.11.5
Check: installed package size
Result: NOTE
     installed size is 5.5Mb
     sub-directories of 1Mb or more:
     doc 3.8Mb
Flavors: r-devel-linux-x86_64-fedora-clang, r-devel-windows-x86_64-new-UL, r-devel-windows-x86_64-old, r-patched-solaris-x86, r-release-macos-arm64, r-release-macos-x86_64, r-release-windows-ix86+x86_64, r-oldrel-macos-x86_64, r-oldrel-windows-ix86+x86_64