CRAN Package Check Results for Package bbdetection

Last updated on 2021-09-22 01:48:30 CEST.

Flavor Version Tinstall Tcheck Ttotal Status Flags
r-devel-linux-x86_64-debian-clang 1.0 22.56 54.17 76.73 OK
r-devel-linux-x86_64-debian-gcc 1.0 14.77 40.56 55.33 OK
r-devel-linux-x86_64-fedora-clang 1.0 105.77 OK
r-devel-linux-x86_64-fedora-gcc 1.0 88.95 OK
r-devel-windows-x86_64 1.0 24.00 56.00 80.00 OK
r-devel-windows-x86_64-gcc10-UCRT 1.0 ERROR
r-patched-linux-x86_64 1.0 16.81 49.90 66.71 OK
r-patched-solaris-x86 1.0 111.10 OK
r-release-linux-x86_64 1.0 18.02 50.02 68.04 OK
r-release-macos-arm64 1.0 OK
r-release-macos-x86_64 1.0 OK
r-release-windows-ix86+x86_64 1.0 53.00 75.00 128.00 OK
r-oldrel-macos-x86_64 1.0 OK
r-oldrel-windows-ix86+x86_64 1.0 53.00 77.00 130.00 OK

Check Details

Version: 1.0
Check: whether package can be installed
Result: ERROR
    Installation failed.
Flavor: r-devel-windows-x86_64-gcc10-UCRT