CRAN Package Check Results for Package bbreg

Last updated on 2021-10-28 19:51:52 CEST.

Flavor Version Tinstall Tcheck Ttotal Status Flags
r-devel-linux-x86_64-debian-clang 2.0.1 6.16 288.88 295.04 OK
r-devel-linux-x86_64-debian-gcc 2.0.1 4.48 186.37 190.85 OK
r-devel-linux-x86_64-fedora-clang 2.0.1 339.43 NOTE
r-devel-linux-x86_64-fedora-gcc 2.0.1 338.83 OK
r-devel-windows-x86_64 2.0.1 8.00 368.00 376.00 OK
r-devel-windows-x86_64-gcc10-UCRT 2.0.1 OK
r-patched-linux-x86_64 2.0.1 6.62 283.43 290.05 OK
r-patched-solaris-x86 2.0.1 74.60 OK
r-release-linux-x86_64 2.0.1 5.92 276.12 282.04 OK
r-release-macos-arm64 2.0.1 OK
r-release-macos-x86_64 2.0.1 OK
r-release-windows-ix86+x86_64 2.0.1 7.00 370.00 377.00 OK
r-oldrel-macos-x86_64 2.0.1 OK
r-oldrel-windows-ix86+x86_64 2.0.1 8.00 397.00 405.00 OK

Check Details

Version: 2.0.1
Check: Rd cross-references
Result: NOTE
    Undeclared package ‘betareg’ in Rd xrefs
Flavor: r-devel-linux-x86_64-fedora-clang