CRAN Package Check Results for Package bcmaps

Last updated on 2021-09-22 10:51:23 CEST.

Flavor Version Tinstall Tcheck Ttotal Status Flags
r-devel-linux-x86_64-debian-clang 1.0.2 9.09 88.20 97.29 NOTE
r-devel-linux-x86_64-debian-gcc 1.0.2 6.90 65.60 72.50 NOTE
r-devel-linux-x86_64-fedora-clang 1.0.2 126.47 NOTE
r-devel-linux-x86_64-fedora-gcc 1.0.2 112.66 NOTE
r-devel-windows-x86_64 1.0.2 11.00 84.00 95.00 NOTE
r-devel-windows-x86_64-gcc10-UCRT 1.0.2 ERROR
r-patched-linux-x86_64 1.0.2 9.35 83.29 92.64 NOTE
r-patched-solaris-x86 1.0.2 162.60 NOTE
r-release-linux-x86_64 1.0.2 9.04 82.25 91.29 NOTE
r-release-macos-arm64 1.0.2 NOTE
r-release-macos-x86_64 1.0.2 NOTE
r-release-windows-ix86+x86_64 1.0.2 21.00 91.00 112.00 NOTE
r-oldrel-macos-x86_64 1.0.2 OK
r-oldrel-windows-ix86+x86_64 1.0.2 15.00 72.00 87.00 OK

Check Details

Version: 1.0.2
Check: LazyData
Result: NOTE
     'LazyData' is specified without a 'data' directory
Flavors: r-devel-linux-x86_64-debian-clang, r-devel-linux-x86_64-debian-gcc, r-devel-linux-x86_64-fedora-clang, r-devel-linux-x86_64-fedora-gcc, r-devel-windows-x86_64, r-patched-linux-x86_64, r-patched-solaris-x86, r-release-linux-x86_64, r-release-macos-arm64, r-release-macos-x86_64, r-release-windows-ix86+x86_64

Version: 1.0.2
Check: package dependencies
Result: ERROR
    Packages required but not available: 'sf', 'bcdata', 'xml2'
    
    Packages suggested but not available for checking:
     'rgdal', 'lwgeom', 'stars'
    
    See section 'The DESCRIPTION file' in the 'Writing R Extensions'
    manual.
Flavor: r-devel-windows-x86_64-gcc10-UCRT