CRAN Package Check Results for Package bcrm

Last updated on 2021-11-27 15:50:35 CET.

Flavor Version Tinstall Tcheck Ttotal Status Flags
r-devel-linux-x86_64-debian-clang 0.5.4 OK
r-devel-linux-x86_64-debian-gcc 0.5.4 5.69 44.47 50.16 OK
r-devel-linux-x86_64-fedora-clang 0.5.4 93.86 NOTE
r-devel-linux-x86_64-fedora-gcc 0.5.4 79.24 NOTE
r-devel-windows-x86_64-new-UL 0.5.4 16.00 95.00 111.00 NOTE
r-devel-windows-x86_64-new-TK 0.5.4 NOTE
r-devel-windows-x86_64-old 0.5.4 11.00 79.00 90.00 OK
r-patched-linux-x86_64 0.5.4 8.24 57.23 65.47 OK
r-patched-solaris-x86 0.5.4 108.70 NOTE
r-release-linux-x86_64 0.5.4 OK
r-release-macos-arm64 0.5.4 NOTE
r-release-macos-x86_64 0.5.4 NOTE
r-release-windows-ix86+x86_64 0.5.4 19.00 80.00 99.00 OK
r-oldrel-macos-x86_64 0.5.4 NOTE
r-oldrel-windows-ix86+x86_64 0.5.4 26.00 81.00 107.00 OK

Check Details

Version: 0.5.4
Check: dependencies in R code
Result: NOTE
    Namespaces in Imports field not imported from:
     ‘knitr’ ‘rlang’
     All declared Imports should be used.
Flavors: r-devel-linux-x86_64-fedora-clang, r-devel-linux-x86_64-fedora-gcc, r-devel-windows-x86_64-new-TK, r-patched-solaris-x86, r-release-macos-arm64, r-release-macos-x86_64, r-oldrel-macos-x86_64

Version: 0.5.4
Check: package dependencies
Result: NOTE
    Package suggested but not available for checking: 'BRugs'
Flavors: r-devel-windows-x86_64-new-UL, r-devel-windows-x86_64-new-TK, r-patched-solaris-x86, r-release-macos-x86_64, r-oldrel-macos-x86_64

Version: 0.5.4
Check: package dependencies
Result: NOTE
    Packages suggested but not available for checking: 'BRugs', 'rjags'
Flavor: r-release-macos-arm64