CRAN Package Check Results for Package beadplexr

Last updated on 2021-09-19 16:48:44 CEST.

Flavor Version Tinstall Tcheck Ttotal Status Flags
r-devel-linux-x86_64-debian-clang 0.4.0 11.25 274.12 285.37 OK
r-devel-linux-x86_64-debian-gcc 0.4.0 9.43 203.78 213.21 OK
r-devel-linux-x86_64-fedora-clang 0.4.0 335.23 OK
r-devel-linux-x86_64-fedora-gcc 0.4.0 325.20 OK
r-devel-windows-x86_64 0.4.0 13.00 293.00 306.00 OK
r-devel-windows-x86_64-gcc10-UCRT 0.4.0 ERROR
r-patched-linux-x86_64 0.4.0 10.89 260.65 271.54 OK
r-release-linux-x86_64 0.4.0 10.24 258.39 268.63 OK
r-release-macos-arm64 0.4.0 OK
r-release-macos-x86_64 0.4.0 OK
r-release-windows-ix86+x86_64 0.4.0 26.00 307.00 333.00 OK
r-oldrel-macos-x86_64 0.4.0 OK
r-oldrel-windows-ix86+x86_64 0.4.0 25.00 327.00 352.00 OK

Check Details

Version: 0.4.0
Check: whether package can be installed
Result: WARN
    Found the following significant warnings:
     WARNING: installation-time patches will not be applied, could not get the patches index
Flavor: r-devel-windows-x86_64-gcc10-UCRT

Version: 0.4.0
Check: PDF version of manual
Result: WARN
    LaTeX errors when creating PDF version.
    This typically indicates Rd problems.
Flavor: r-devel-windows-x86_64-gcc10-UCRT

Version: 0.4.0
Check: PDF version of manual without hyperrefs or index
Result: ERROR
    Re-running with no redirection of stdout/stderr.
Flavor: r-devel-windows-x86_64-gcc10-UCRT