CRAN Package Check Results for Package beastier

Last updated on 2024-07-18 22:49:49 CEST.

Flavor Version Tinstall Tcheck Ttotal Status Flags
r-devel-linux-x86_64-debian-clang 2.5.1 5.73 64.10 69.83 OK
r-devel-linux-x86_64-debian-gcc 2.5.1 3.77 47.51 51.28 OK
r-devel-linux-x86_64-fedora-clang 2.5.1 85.57 OK
r-devel-linux-x86_64-fedora-gcc 2.5.1 101.13 OK
r-devel-windows-x86_64 2.5.1 8.00 93.00 101.00 NOTE
r-patched-linux-x86_64 2.5.1 12.10 61.86 73.96 OK
r-release-linux-x86_64 2.5.1 4.86 59.46 64.32 OK
r-release-macos-arm64 2.5.1 37.00 OK
r-release-macos-x86_64 2.5.1 80.00 OK
r-release-windows-x86_64 2.5.1 7.00 93.00 100.00 OK
r-oldrel-macos-arm64 2.5.1 39.00 OK
r-oldrel-macos-x86_64 2.5.1 74.00 OK
r-oldrel-windows-x86_64 2.5.1 8.00 105.00 113.00 OK

Check Details

Version: 2.5.1
Check: Rd cross-references
Result: NOTE Found the following Rd file(s) with Rd \link{} targets missing package anchors: default_params_doc.Rd: check_rename_fun remove_beastier_folder.Rd: beautier, remove_beautier_folder rename_beast2_options_filenames.Rd: check_rename_fun Please provide package anchors for all Rd \link{} targets not in the package itself and the base packages. Flavor: r-devel-windows-x86_64