CRAN Package Check Results for Package belg

Last updated on 2021-10-15 22:54:08 CEST.

Flavor Version Tinstall Tcheck Ttotal Status Flags
r-devel-linux-x86_64-debian-clang 1.4.1 59.66 79.82 139.48 OK
r-devel-linux-x86_64-debian-gcc 1.4.1 39.08 60.82 99.90 OK
r-devel-linux-x86_64-fedora-clang 1.4.1 179.35 OK
r-devel-linux-x86_64-fedora-gcc 1.4.1 148.48 OK
r-devel-windows-x86_64 1.4.1 64.00 64.00 128.00 WARN
r-devel-windows-x86_64-gcc10-UCRT 1.4.1 OK
r-patched-linux-x86_64 1.4.1 46.40 76.15 122.55 OK
r-patched-solaris-x86 1.4.1 145.60 OK
r-release-linux-x86_64 1.4.1 51.89 76.67 128.56 OK
r-release-macos-arm64 1.4.1 OK
r-release-macos-x86_64 1.4.1 OK
r-release-windows-ix86+x86_64 1.4.1 153.00 103.00 256.00 WARN
r-oldrel-macos-x86_64 1.4.1 OK
r-oldrel-windows-ix86+x86_64 1.4.1 149.00 101.00 250.00 WARN

Check Details

Version: 1.4.1
Check: re-building of vignette outputs
Result: WARN
    Error(s) in re-building vignettes:
    --- re-building 'belg1.Rmd' using rmarkdown
    Quitting from lines 48-60 (belg1.Rmd)
    Error: processing vignette 'belg1.Rmd' failed with diagnostics:
    unable to find an inherited method for function 'xyFromCell' for signature '"RasterLayer", "integer"'
    --- failed re-building 'belg1.Rmd'
    
    SUMMARY: processing the following file failed:
     'belg1.Rmd'
    
    Error: Vignette re-building failed.
    Execution halted
Flavors: r-devel-windows-x86_64, r-release-windows-ix86+x86_64, r-oldrel-windows-ix86+x86_64