CRAN Package Check Results for Package bender

Last updated on 2021-10-18 19:51:28 CEST.

Flavor Version Tinstall Tcheck Ttotal Status Flags
r-devel-linux-x86_64-debian-clang 0.1.1 2.95 21.73 24.68 NOTE
r-devel-linux-x86_64-debian-gcc 0.1.1 2.05 17.56 19.61 NOTE
r-devel-linux-x86_64-fedora-clang 0.1.1 40.87 NOTE
r-devel-linux-x86_64-fedora-gcc 0.1.1 29.96 NOTE
r-devel-windows-x86_64 0.1.1 8.00 39.00 47.00 NOTE
r-devel-windows-x86_64-gcc10-UCRT 0.1.1 NOTE
r-patched-linux-x86_64 0.1.1 2.94 21.19 24.13 NOTE
r-patched-solaris-x86 0.1.1 48.90 NOTE
r-release-linux-x86_64 0.1.1 2.75 21.25 24.00 NOTE
r-release-macos-arm64 0.1.1 NOTE
r-release-macos-x86_64 0.1.1 NOTE
r-release-windows-ix86+x86_64 0.1.1 5.00 36.00 41.00 NOTE
r-oldrel-macos-x86_64 0.1.1 OK
r-oldrel-windows-ix86+x86_64 0.1.1 7.00 37.00 44.00 OK

Check Details

Version: 0.1.1
Check: LazyData
Result: NOTE
     'LazyData' is specified without a 'data' directory
Flavors: r-devel-linux-x86_64-debian-clang, r-devel-linux-x86_64-debian-gcc, r-devel-linux-x86_64-fedora-clang, r-devel-linux-x86_64-fedora-gcc, r-devel-windows-x86_64, r-devel-windows-x86_64-gcc10-UCRT, r-patched-linux-x86_64, r-patched-solaris-x86, r-release-linux-x86_64, r-release-macos-arm64, r-release-macos-x86_64, r-release-windows-ix86+x86_64