CRAN Package Check Results for Package bibliometrix

Last updated on 2021-09-25 19:49:56 CEST.

Flavor Version Tinstall Tcheck Ttotal Status Flags
r-devel-linux-x86_64-debian-clang 3.1.4 23.77 229.46 253.23 OK
r-devel-linux-x86_64-debian-gcc 3.1.4 18.04 171.02 189.06 OK
r-devel-linux-x86_64-fedora-clang 3.1.4 299.51 NOTE
r-devel-linux-x86_64-fedora-gcc 3.1.4 290.86 OK
r-devel-windows-x86_64 3.1.4 31.00 201.00 232.00 OK
r-devel-windows-x86_64-gcc10-UCRT 3.1.4 OK
r-patched-linux-x86_64 3.1.4 26.70 214.09 240.79 OK
r-patched-solaris-x86 3.1.4 429.30 OK
r-release-linux-x86_64 3.1.4 23.23 215.18 238.41 OK
r-release-macos-arm64 3.1.4 OK
r-release-macos-x86_64 3.1.4 OK
r-release-windows-ix86+x86_64 3.1.4 51.00 272.00 323.00 OK
r-oldrel-macos-x86_64 3.1.4 OK
r-oldrel-windows-ix86+x86_64 3.1.4 40.00 191.00 231.00 OK

Check Details

Version: 3.1.4
Check: package dependencies
Result: NOTE
    Imports includes 24 non-default packages.
    Importing from so many packages makes the package vulnerable to any of
    them becoming unavailable. Move as many as possible to Suggests and
    use conditionally.
Flavor: r-devel-linux-x86_64-fedora-clang