CRAN Package Check Results for Package biblionetwork

Last updated on 2024-06-24 22:57:09 CEST.

Flavor Version Tinstall Tcheck Ttotal Status Flags
r-devel-linux-x86_64-debian-clang 0.1.0 3.32 43.39 46.71 OK
r-devel-linux-x86_64-debian-gcc 0.1.0 2.62 39.79 42.41 OK
r-devel-linux-x86_64-fedora-clang 0.1.0 60.84 NOTE
r-devel-linux-x86_64-fedora-gcc 0.1.0 70.87 NOTE
r-devel-windows-x86_64 0.1.0 4.00 60.00 64.00 OK
r-patched-linux-x86_64 0.1.0 3.96 47.14 51.10 OK
r-release-linux-x86_64 0.1.0 3.40 44.39 47.79 OK
r-release-macos-arm64 0.1.0 27.00 OK
r-release-macos-x86_64 0.1.0 47.00 OK
r-release-windows-x86_64 0.1.0 4.00 57.00 61.00 OK
r-oldrel-macos-arm64 0.1.0 28.00 OK
r-oldrel-macos-x86_64 0.1.0 41.00 OK
r-oldrel-windows-x86_64 0.1.0 5.00 61.00 66.00 OK

Check Details

Version: 0.1.0
Check: data for non-ASCII characters
Result: NOTE Note: found 99 marked UTF-8 strings Flavors: r-devel-linux-x86_64-fedora-clang, r-devel-linux-x86_64-fedora-gcc