CRAN Package Check Results for Package bigSurvSGD

Last updated on 2021-09-27 19:50:12 CEST.

Flavor Version Tinstall Tcheck Ttotal Status Flags
r-devel-linux-x86_64-debian-clang 0.0.1 44.53 35.10 79.63 OK
r-devel-linux-x86_64-debian-gcc 0.0.1 28.74 26.95 55.69 OK
r-devel-linux-x86_64-fedora-clang 0.0.1 111.02 NOTE
r-devel-linux-x86_64-fedora-gcc 0.0.1 94.47 NOTE
r-devel-windows-x86_64 0.0.1 33.00 48.00 81.00 OK
r-devel-windows-x86_64-gcc10-UCRT 0.0.1 NOTE
r-patched-linux-x86_64 0.0.1 31.31 33.69 65.00 OK
r-patched-solaris-x86 0.0.1 104.20 NOTE
r-release-linux-x86_64 0.0.1 31.84 33.94 65.78 OK
r-release-macos-arm64 0.0.1 NOTE
r-release-macos-x86_64 0.0.1 NOTE
r-release-windows-ix86+x86_64 0.0.1 93.00 78.00 171.00 OK
r-oldrel-macos-x86_64 0.0.1 NOTE
r-oldrel-windows-ix86+x86_64 0.0.1 70.00 57.00 127.00 OK

Check Details

Version: 0.0.1
Check: dependencies in R code
Result: NOTE
    Namespace in Imports field not imported from: ‘survival’
     All declared Imports should be used.
Flavors: r-devel-linux-x86_64-fedora-clang, r-devel-linux-x86_64-fedora-gcc, r-devel-windows-x86_64-gcc10-UCRT, r-patched-solaris-x86, r-release-macos-arm64, r-release-macos-x86_64, r-oldrel-macos-x86_64