CRAN Package Check Results for Package bigtime

Last updated on 2021-09-21 04:54:55 CEST.

Flavor Version Tinstall Tcheck Ttotal Status Flags
r-devel-linux-x86_64-debian-clang 0.2.1 76.23 61.77 138.00 OK
r-devel-linux-x86_64-debian-gcc 0.2.1 51.96 47.02 98.98 OK
r-devel-linux-x86_64-fedora-clang 0.2.1 197.22 NOTE
r-devel-linux-x86_64-fedora-gcc 0.2.1 168.65 OK
r-devel-windows-x86_64 0.2.1 67.00 72.00 139.00 OK
r-devel-windows-x86_64-gcc10-UCRT 0.2.1 ERROR
r-patched-linux-x86_64 0.2.1 50.89 59.12 110.01 OK
r-patched-solaris-x86 0.2.1 174.70 OK
r-release-linux-x86_64 0.2.1 59.57 59.03 118.60 OK
r-release-macos-arm64 0.2.1 NOTE
r-release-macos-x86_64 0.2.1 NOTE
r-release-windows-ix86+x86_64 0.2.1 171.00 126.00 297.00 OK
r-oldrel-macos-x86_64 0.2.1 NOTE
r-oldrel-windows-ix86+x86_64 0.2.1 182.00 105.00 287.00 OK

Check Details

Version: 0.2.1
Check: installed package size
Result: NOTE
     installed size is 5.6Mb
     sub-directories of 1Mb or more:
     help 1.6Mb
     libs 3.8Mb
Flavors: r-devel-linux-x86_64-fedora-clang, r-release-macos-arm64, r-release-macos-x86_64, r-oldrel-macos-x86_64

Version: 0.2.1
Check: whether package can be installed
Result: ERROR
    Installation failed.
Flavor: r-devel-windows-x86_64-gcc10-UCRT