CRAN Package Check Results for Package biokNN

Last updated on 2021-09-25 22:53:59 CEST.

Flavor Version Tinstall Tcheck Ttotal Status Flags
r-devel-linux-x86_64-debian-clang 0.1.0 5.15 56.45 61.60 OK
r-devel-linux-x86_64-debian-gcc 0.1.0 4.36 41.73 46.09 OK
r-devel-linux-x86_64-fedora-clang 0.1.0 80.95 NOTE
r-devel-linux-x86_64-fedora-gcc 0.1.0 69.07 NOTE
r-devel-windows-x86_64 0.1.0 7.00 52.00 59.00 OK
r-devel-windows-x86_64-gcc10-UCRT 0.1.0 NOTE
r-patched-linux-x86_64 0.1.0 4.44 51.79 56.23 OK
r-patched-solaris-x86 0.1.0 99.50 NOTE
r-release-linux-x86_64 0.1.0 4.87 51.85 56.72 OK
r-release-macos-arm64 0.1.0 NOTE
r-release-macos-x86_64 0.1.0 NOTE
r-release-windows-ix86+x86_64 0.1.0 14.00 65.00 79.00 OK
r-oldrel-macos-x86_64 0.1.0 NOTE
r-oldrel-windows-ix86+x86_64 0.1.0 10.00 54.00 64.00 OK

Check Details

Version: 0.1.0
Check: dependencies in R code
Result: NOTE
    Namespaces in Imports field not imported from:
     ‘desc’ ‘lme4’ ‘mitml’
     All declared Imports should be used.
Flavors: r-devel-linux-x86_64-fedora-clang, r-devel-linux-x86_64-fedora-gcc, r-devel-windows-x86_64-gcc10-UCRT, r-patched-solaris-x86, r-release-macos-arm64, r-release-macos-x86_64, r-oldrel-macos-x86_64