CRAN Package Check Results for Package biostat3

Last updated on 2023-12-08 09:52:07 CET.

Flavor Version Tinstall Tcheck Ttotal Status Flags
r-devel-linux-x86_64-debian-clang 0.1.9 6.53 73.45 79.98 OK
r-devel-linux-x86_64-debian-gcc 0.1.9 6.39 58.15 64.54 OK
r-devel-linux-x86_64-fedora-clang 0.1.9 103.41 NOTE
r-devel-linux-x86_64-fedora-gcc 0.1.9 101.95 OK
r-devel-windows-x86_64 0.1.9 10.00 76.00 86.00 NOTE
r-patched-linux-x86_64 0.1.9 12.79 74.63 87.42 OK
r-release-linux-x86_64 0.1.9 10.00 73.97 83.97 OK
r-release-macos-arm64 0.1.9 40.00 NOTE
r-release-macos-x86_64 0.1.9 88.00 NOTE
r-release-windows-x86_64 0.1.9 11.00 92.00 103.00 NOTE
r-oldrel-macos-arm64 0.1.9 41.00 NOTE
r-oldrel-macos-x86_64 0.1.8 48.00 NOTE
r-oldrel-windows-x86_64 0.1.9 11.00 93.00 104.00 NOTE

Check Details

Version: 0.1.9
Check: installed package size
Result: NOTE installed size is 6.2Mb sub-directories of 1Mb or more: doc 5.6Mb Flavors: r-devel-linux-x86_64-fedora-clang, r-devel-windows-x86_64, r-release-macos-arm64, r-release-macos-x86_64, r-release-windows-x86_64, r-oldrel-macos-arm64, r-oldrel-windows-x86_64

Version: 0.1.8
Check: installed package size
Result: NOTE installed size is 6.1Mb sub-directories of 1Mb or more: doc 5.5Mb Flavor: r-oldrel-macos-x86_64