CRAN Package Check Results for Package bisect

Last updated on 2021-09-22 04:54:46 CEST.

Flavor Version Tinstall Tcheck Ttotal Status Flags
r-devel-linux-x86_64-debian-clang 0.9.0 2.61 91.40 94.01 OK
r-devel-linux-x86_64-debian-gcc 0.9.0 2.02 75.24 77.26 OK
r-devel-linux-x86_64-fedora-clang 0.9.0 118.60 OK
r-devel-linux-x86_64-fedora-gcc 0.9.0 114.79 OK
r-devel-windows-x86_64 0.9.0 4.00 109.00 113.00 OK
r-devel-windows-x86_64-gcc10-UCRT 0.9.0 ERROR
r-patched-linux-x86_64 0.9.0 2.19 92.01 94.20 OK
r-patched-solaris-x86 0.9.0 264.10 OK
r-release-linux-x86_64 0.9.0 2.16 94.16 96.32 OK
r-release-macos-arm64 0.9.0 OK
r-release-macos-x86_64 0.9.0 OK
r-release-windows-ix86+x86_64 0.9.0 6.00 96.00 102.00 OK
r-oldrel-macos-x86_64 0.9.0 OK
r-oldrel-windows-ix86+x86_64 0.9.0 6.00 126.00 132.00 OK

Check Details

Version: 0.9.0
Check: PDF version of manual
Result: WARN
    LaTeX errors when creating PDF version.
    This typically indicates Rd problems.
Flavor: r-devel-windows-x86_64-gcc10-UCRT

Version: 0.9.0
Check: PDF version of manual without hyperrefs or index
Result: ERROR
    Re-running with no redirection of stdout/stderr.
Flavor: r-devel-windows-x86_64-gcc10-UCRT