CRAN Package Check Results for Package bite

Last updated on 2021-12-02 21:51:51 CET.

Flavor Version Tinstall Tcheck Ttotal Status Flags
r-devel-linux-x86_64-debian-clang 0.3 12.62 109.46 122.08 OK
r-devel-linux-x86_64-debian-gcc 0.3 10.94 84.36 95.30 OK
r-devel-linux-x86_64-fedora-clang 0.3 160.69 NOTE
r-devel-linux-x86_64-fedora-gcc 0.3 148.03 NOTE
r-devel-windows-x86_64-new-UL 0.3 23.00 152.00 175.00 OK
r-devel-windows-x86_64-new-TK 0.3 NOTE
r-devel-windows-x86_64-old 0.3 19.00 108.00 127.00 OK
r-patched-linux-x86_64 0.3 14.85 104.98 119.83 OK
r-patched-solaris-x86 0.3 207.20 NOTE
r-release-linux-x86_64 0.3 13.31 105.69 119.00 OK
r-release-macos-arm64 0.3 NOTE
r-release-macos-x86_64 0.3 NOTE
r-release-windows-ix86+x86_64 0.3 26.00 134.00 160.00 OK
r-oldrel-macos-x86_64 0.3 NOTE
r-oldrel-windows-ix86+x86_64 0.3 26.00 140.00 166.00 OK

Check Details

Version: 0.3
Check: dependencies in R code
Result: NOTE
    Namespace in Imports field not imported from: ‘MASS’
     All declared Imports should be used.
Flavors: r-devel-linux-x86_64-fedora-clang, r-devel-linux-x86_64-fedora-gcc, r-devel-windows-x86_64-new-TK, r-patched-solaris-x86, r-release-macos-arm64, r-release-macos-x86_64, r-oldrel-macos-x86_64