CRAN Package Check Results for Package blastula

Last updated on 2021-10-22 16:50:29 CEST.

Flavor Version Tinstall Tcheck Ttotal Status Flags
r-devel-linux-x86_64-debian-clang 0.3.2 4.90 64.03 68.93 NOTE
r-devel-linux-x86_64-debian-gcc 0.3.2 3.80 50.35 54.15 NOTE
r-devel-linux-x86_64-fedora-clang 0.3.2 96.31 NOTE
r-devel-linux-x86_64-fedora-gcc 0.3.2 80.03 NOTE
r-devel-windows-x86_64 0.3.2 9.00 101.00 110.00 NOTE
r-devel-windows-x86_64-gcc10-UCRT 0.3.2 NOTE
r-patched-linux-x86_64 0.3.2 4.92 61.30 66.22 NOTE
r-patched-solaris-x86 0.3.2 127.00 NOTE
r-release-linux-x86_64 0.3.2 4.70 62.50 67.20 NOTE
r-release-macos-arm64 0.3.2 NOTE
r-release-macos-x86_64 0.3.2 NOTE
r-release-windows-ix86+x86_64 0.3.2 8.00 93.00 101.00 NOTE
r-oldrel-macos-x86_64 0.3.2 OK
r-oldrel-windows-ix86+x86_64 0.3.2 10.00 94.00 104.00 OK

Check Details

Version: 0.3.2
Check: LazyData
Result: NOTE
     'LazyData' is specified without a 'data' directory
Flavors: r-devel-linux-x86_64-debian-clang, r-devel-linux-x86_64-debian-gcc, r-devel-linux-x86_64-fedora-clang, r-devel-linux-x86_64-fedora-gcc, r-devel-windows-x86_64, r-devel-windows-x86_64-gcc10-UCRT, r-patched-linux-x86_64, r-patched-solaris-x86, r-release-linux-x86_64, r-release-macos-arm64, r-release-macos-x86_64, r-release-windows-ix86+x86_64