CRAN Package Check Results for Package bnpa

Last updated on 2021-08-01 10:51:05 CEST.

Flavor Version Tinstall Tcheck Ttotal Status Flags
r-devel-linux-x86_64-debian-clang 0.3.0 2.83 40.71 43.54 OK
r-devel-linux-x86_64-debian-gcc 0.3.0 2.78 30.89 33.67 OK
r-devel-linux-x86_64-fedora-clang 0.3.0 62.68 NOTE
r-devel-linux-x86_64-fedora-gcc 0.3.0 50.67 NOTE
r-devel-windows-x86_64 0.3.0 16.00 58.00 74.00 OK
r-devel-windows-x86_64-gcc10-UCRT 0.3.0 NOTE
r-patched-linux-x86_64 0.3.0 OK
r-patched-solaris-x86 0.3.0 72.70 NOTE
r-release-linux-x86_64 0.3.0 3.44 39.09 42.53 OK
r-release-macos-arm64 0.3.0 OK
r-release-macos-x86_64 0.3.0 NOTE
r-release-windows-ix86+x86_64 0.3.0 9.00 46.00 55.00 OK
r-oldrel-macos-x86_64 0.3.0 NOTE
r-oldrel-windows-ix86+x86_64 0.3.0 32.00 59.00 91.00 OK

Check Details

Version: 0.3.0
Check: dependencies in R code
Result: NOTE
    Namespaces in Imports field not imported from:
     ‘Rgraphviz’ ‘fastDummies’
     All declared Imports should be used.
Flavors: r-devel-linux-x86_64-fedora-clang, r-devel-linux-x86_64-fedora-gcc, r-devel-windows-x86_64-gcc10-UCRT, r-patched-solaris-x86, r-release-macos-x86_64, r-oldrel-macos-x86_64