CRAN Package Check Results for Package bootcluster

Last updated on 2021-11-28 03:54:01 CET.

Flavor Version Tinstall Tcheck Ttotal Status Flags
r-devel-linux-x86_64-debian-clang 0.2.5 OK
r-devel-linux-x86_64-debian-gcc 0.2.5 9.86 74.88 84.74 OK
r-devel-linux-x86_64-fedora-clang 0.2.5 143.05 NOTE
r-devel-linux-x86_64-fedora-gcc 0.2.5 129.49 NOTE
r-devel-windows-x86_64-new-UL 0.2.5 21.00 138.00 159.00 OK
r-devel-windows-x86_64-new-TK 0.2.5 NOTE
r-devel-windows-x86_64-old 0.2.5 16.00 117.00 133.00 OK
r-patched-linux-x86_64 0.2.5 10.80 94.23 105.03 OK
r-patched-solaris-x86 0.2.5 188.70 NOTE
r-release-linux-x86_64 0.2.5 OK
r-release-macos-arm64 0.2.5 NOTE
r-release-macos-x86_64 0.2.5 NOTE
r-release-windows-ix86+x86_64 0.2.5 27.00 121.00 148.00 OK
r-oldrel-macos-x86_64 0.2.5 NOTE
r-oldrel-windows-ix86+x86_64 0.2.5 28.00 121.00 149.00 OK

Check Details

Version: 0.2.5
Check: dependencies in R code
Result: NOTE
    Namespace in Imports field not imported from: ‘sna’
     All declared Imports should be used.
Flavors: r-devel-linux-x86_64-fedora-clang, r-devel-linux-x86_64-fedora-gcc, r-devel-windows-x86_64-new-TK, r-patched-solaris-x86, r-release-macos-arm64, r-release-macos-x86_64, r-oldrel-macos-x86_64