CRAN Package Check Results for Package boundingbox

Last updated on 2024-04-25 16:49:15 CEST.

Flavor Version Tinstall Tcheck Ttotal Status Flags
r-devel-linux-x86_64-debian-clang 1.0.1 2.18 31.40 33.58 NOTE
r-devel-linux-x86_64-debian-gcc 1.0.1 2.19 24.37 26.56 NOTE
r-devel-linux-x86_64-fedora-clang 1.0.1 45.40 NOTE
r-devel-linux-x86_64-fedora-gcc 1.0.1 55.78 NOTE
r-devel-windows-x86_64 1.0.1 5.00 45.00 50.00 NOTE
r-patched-linux-x86_64 1.0.1 2.87 30.95 33.82 NOTE
r-release-linux-x86_64 1.0.1 1.69 28.59 30.28 NOTE
r-release-macos-arm64 1.0.1 26.00 NOTE
r-release-windows-x86_64 1.0.1 4.00 46.00 50.00 NOTE
r-oldrel-macos-arm64 1.0.1 27.00 NOTE
r-oldrel-macos-x86_64 1.0.1 32.00 NOTE
r-oldrel-windows-x86_64 1.0.1 4.00 47.00 51.00 NOTE

Check Details

Version: 1.0.1
Check: LazyData
Result: NOTE 'LazyData' is specified without a 'data' directory Flavors: r-devel-linux-x86_64-debian-clang, r-devel-linux-x86_64-debian-gcc, r-devel-linux-x86_64-fedora-clang, r-devel-linux-x86_64-fedora-gcc, r-devel-windows-x86_64, r-patched-linux-x86_64, r-release-linux-x86_64, r-release-macos-arm64, r-release-windows-x86_64, r-oldrel-macos-arm64, r-oldrel-macos-x86_64, r-oldrel-windows-x86_64