CRAN Package Check Results for Package bpgmm

Last updated on 2021-09-16 16:50:08 CEST.

Flavor Version Tinstall Tcheck Ttotal Status Flags
r-devel-linux-x86_64-debian-clang 1.0.7 119.28 78.14 197.42 NOTE
r-devel-linux-x86_64-debian-gcc 1.0.7 82.69 56.66 139.35 NOTE
r-devel-linux-x86_64-fedora-clang 1.0.7 272.02 NOTE
r-devel-linux-x86_64-fedora-gcc 1.0.7 235.62 NOTE
r-devel-windows-x86_64 1.0.7 110.00 115.00 225.00 NOTE
r-devel-windows-x86_64-gcc10-UCRT 1.0.7 NOTE
r-patched-linux-x86_64 1.0.7 86.93 71.94 158.87 NOTE
r-patched-solaris-x86 1.0.7 246.30 NOTE
r-release-linux-x86_64 1.0.7 87.61 72.57 160.18 NOTE
r-release-macos-arm64 1.0.7 NOTE
r-release-macos-x86_64 1.0.7 NOTE
r-release-windows-ix86+x86_64 1.0.7 264.00 118.00 382.00 NOTE
r-oldrel-macos-x86_64 1.0.7 NOTE
r-oldrel-windows-ix86+x86_64 1.0.7 233.00 126.00 359.00 OK

Check Details

Version: 1.0.7
Check: LazyData
Result: NOTE
     'LazyData' is specified without a 'data' directory
Flavors: r-devel-linux-x86_64-debian-clang, r-devel-linux-x86_64-debian-gcc, r-devel-linux-x86_64-fedora-clang, r-devel-linux-x86_64-fedora-gcc, r-devel-windows-x86_64, r-devel-windows-x86_64-gcc10-UCRT, r-patched-linux-x86_64, r-patched-solaris-x86, r-release-linux-x86_64, r-release-macos-arm64, r-release-macos-x86_64, r-release-windows-ix86+x86_64

Version: 1.0.7
Check: installed package size
Result: NOTE
     installed size is 5.4Mb
     sub-directories of 1Mb or more:
     libs 5.1Mb
Flavors: r-devel-linux-x86_64-fedora-clang, r-release-macos-arm64, r-release-macos-x86_64, r-oldrel-macos-x86_64