CRAN Package Check Results for Package brickr

Last updated on 2021-09-21 13:52:05 CEST.

Flavor Version Tinstall Tcheck Ttotal Status Flags
r-devel-linux-x86_64-debian-clang 0.3.5 7.83 607.77 615.60 OK
r-devel-linux-x86_64-debian-gcc 0.3.5 4.64 436.56 441.20 OK
r-devel-linux-x86_64-fedora-clang 0.3.5 721.48 NOTE
r-devel-linux-x86_64-fedora-gcc 0.3.5 720.22 NOTE
r-devel-windows-x86_64 0.3.5 7.00 538.00 545.00 OK
r-devel-windows-x86_64-gcc10-UCRT 0.3.5 ERROR
r-patched-linux-x86_64 0.3.5 5.94 520.43 526.37 OK
r-patched-solaris-x86 0.3.5 806.40 NOTE
r-release-linux-x86_64 0.3.5 4.68 532.56 537.24 OK
r-release-macos-arm64 0.3.5 NOTE
r-release-macos-x86_64 0.3.5 NOTE
r-release-windows-ix86+x86_64 0.3.5 14.00 502.00 516.00 OK
r-oldrel-macos-x86_64 0.3.5 NOTE
r-oldrel-windows-ix86+x86_64 0.3.5 14.00 695.00 709.00 OK

Check Details

Version: 0.3.5
Check: dependencies in R code
Result: NOTE
    Namespace in Imports field not imported from: ‘scales’
     All declared Imports should be used.
Flavors: r-devel-linux-x86_64-fedora-clang, r-devel-linux-x86_64-fedora-gcc, r-devel-windows-x86_64-gcc10-UCRT, r-patched-solaris-x86, r-release-macos-arm64, r-release-macos-x86_64, r-oldrel-macos-x86_64

Version: 0.3.5
Check: whether package can be installed
Result: WARN
    Found the following significant warnings:
     WARNING: installation-time patches will not be applied, could not get the patches index
Flavor: r-devel-windows-x86_64-gcc10-UCRT

Version: 0.3.5
Check: PDF version of manual
Result: WARN
    LaTeX errors when creating PDF version.
    This typically indicates Rd problems.
Flavor: r-devel-windows-x86_64-gcc10-UCRT

Version: 0.3.5
Check: PDF version of manual without hyperrefs or index
Result: ERROR
    Re-running with no redirection of stdout/stderr.
Flavor: r-devel-windows-x86_64-gcc10-UCRT