CRAN Package Check Results for Package brlrmr

Last updated on 2021-09-28 01:49:18 CEST.

Flavor Version Tinstall Tcheck Ttotal Status Flags
r-devel-linux-x86_64-debian-clang 0.1.7 3.11 27.64 30.75 OK
r-devel-linux-x86_64-debian-gcc 0.1.7 2.53 21.77 24.30 OK
r-devel-linux-x86_64-fedora-clang 0.1.7 45.80 NOTE
r-devel-linux-x86_64-fedora-gcc 0.1.7 36.04 NOTE
r-devel-windows-x86_64 0.1.7 4.00 32.00 36.00 OK
r-devel-windows-x86_64-gcc10-UCRT 0.1.7 NOTE
r-patched-linux-x86_64 0.1.7 2.66 27.21 29.87 OK
r-patched-solaris-x86 0.1.7 53.10 NOTE
r-release-linux-x86_64 0.1.7 3.10 27.15 30.25 OK
r-release-macos-arm64 0.1.7 NOTE
r-release-macos-x86_64 0.1.7 NOTE
r-release-windows-ix86+x86_64 0.1.7 6.00 36.00 42.00 OK
r-oldrel-macos-x86_64 0.1.7 NOTE
r-oldrel-windows-ix86+x86_64 0.1.7 5.00 35.00 40.00 OK

Check Details

Version: 0.1.7
Check: dependencies in R code
Result: NOTE
    Namespaces in Imports field not imported from:
     ‘Rcpp’ ‘profileModel’
     All declared Imports should be used.
Flavors: r-devel-linux-x86_64-fedora-clang, r-devel-linux-x86_64-fedora-gcc, r-devel-windows-x86_64-gcc10-UCRT, r-patched-solaris-x86, r-release-macos-arm64, r-release-macos-x86_64, r-oldrel-macos-x86_64