CRAN Package Check Results for Package brms.mmrm

Last updated on 2024-02-22 21:51:35 CET.

Flavor Version Tinstall Tcheck Ttotal Status Flags
r-devel-linux-x86_64-debian-clang 0.1.0 OK
r-devel-linux-x86_64-debian-gcc 0.1.0 34.01 270.83 304.84 OK
r-devel-linux-x86_64-fedora-clang 0.1.0 519.91 OK
r-devel-linux-x86_64-fedora-gcc 0.1.0 526.01 OK
r-devel-windows-x86_64 0.1.0 31.00 245.00 276.00 OK
r-patched-linux-x86_64 0.1.0 44.48 369.38 413.86 OK
r-release-linux-x86_64 0.1.0 0.69 2.07 2.76 ERROR
r-release-macos-arm64 0.1.0 143.00 OK
r-release-macos-x86_64 0.1.0 264.00 OK
r-release-windows-x86_64 0.1.0 38.00 331.00 369.00 OK
r-oldrel-macos-arm64 0.1.0 140.00 OK
r-oldrel-windows-x86_64 0.1.0 40.00 330.00 370.00 OK

Check Details

Version: 0.1.0
Check: package dependencies
Result: ERROR Package required but not available: ‘trialr’ See section ‘The DESCRIPTION file’ in the ‘Writing R Extensions’ manual. Flavor: r-release-linux-x86_64