CRAN Package Check Results for Package brolgar

Last updated on 2021-09-28 07:48:22 CEST.

Flavor Version Tinstall Tcheck Ttotal Status Flags
r-devel-linux-x86_64-debian-clang 0.1.2 10.73 247.56 258.29 OK
r-devel-linux-x86_64-debian-gcc 0.1.2 7.68 175.54 183.22 OK
r-devel-linux-x86_64-fedora-clang 0.1.2 295.15 OK
r-devel-linux-x86_64-fedora-gcc 0.1.2 285.37 OK
r-devel-windows-x86_64 0.1.2 9.00 220.00 229.00 OK
r-devel-windows-x86_64-gcc10-UCRT 0.1.2 OK
r-patched-linux-x86_64 0.1.2 10.58 240.56 251.14 OK
r-patched-solaris-x86 0.1.2 382.90 NOTE
r-release-linux-x86_64 0.1.2 9.41 240.93 250.34 OK
r-release-macos-arm64 0.1.2 OK
r-release-macos-x86_64 0.1.2 OK
r-release-windows-ix86+x86_64 0.1.2 22.00 234.00 256.00 OK
r-oldrel-macos-x86_64 0.1.2 OK
r-oldrel-windows-ix86+x86_64 0.1.2 15.00 235.00 250.00 OK

Check Details

Version: 0.1.2
Check: installed package size
Result: NOTE
     installed size is 5.5Mb
     sub-directories of 1Mb or more:
     doc 2.6Mb
     help 2.5Mb
Flavor: r-patched-solaris-x86