CRAN Package Check Results for Package broom.mixed

Last updated on 2021-09-18 13:53:31 CEST.

Flavor Version Tinstall Tcheck Ttotal Status Flags
r-devel-linux-x86_64-debian-clang 0.2.7 8.03 188.12 196.15 NOTE
r-devel-linux-x86_64-debian-gcc 0.2.7 5.47 154.67 160.14 NOTE
r-devel-linux-x86_64-fedora-clang 0.2.7 233.41 NOTE
r-devel-linux-x86_64-fedora-gcc 0.2.7 217.97 NOTE
r-devel-windows-x86_64 0.2.7 10.00 185.00 195.00 NOTE
r-devel-windows-x86_64-gcc10-UCRT 0.2.7 NOTE
r-patched-linux-x86_64 0.2.7 7.07 178.75 185.82 NOTE
r-patched-solaris-x86 0.2.7 204.90 NOTE
r-release-linux-x86_64 0.2.7 7.69 187.06 194.75 NOTE
r-release-macos-arm64 0.2.7 NOTE
r-release-macos-x86_64 0.2.7 NOTE
r-release-windows-ix86+x86_64 0.2.7 16.00 142.00 158.00 NOTE
r-oldrel-macos-x86_64 0.2.7 NOTE
r-oldrel-windows-ix86+x86_64 0.2.7 17.00 189.00 206.00 NOTE

Check Details

Version: 0.2.7
Check: package dependencies
Result: NOTE
    Package suggested but not available for checking: 'glmmADMB'
Flavors: r-devel-linux-x86_64-debian-clang, r-devel-linux-x86_64-debian-gcc, r-devel-linux-x86_64-fedora-clang, r-devel-linux-x86_64-fedora-gcc, r-devel-windows-x86_64, r-devel-windows-x86_64-gcc10-UCRT, r-patched-linux-x86_64, r-release-linux-x86_64, r-release-macos-x86_64, r-release-windows-ix86+x86_64, r-oldrel-macos-x86_64, r-oldrel-windows-ix86+x86_64

Version: 0.2.7
Check: package dependencies
Result: NOTE
    Packages suggested but not available for checking: 'glmmADMB', 'glmmTMB'
Flavor: r-patched-solaris-x86

Version: 0.2.7
Check: package dependencies
Result: NOTE
    Packages suggested but not available for checking: 'glmmADMB', 'R2jags'
Flavor: r-release-macos-arm64