CRAN Package Check Results for Package bsearchtools

Last updated on 2021-09-27 19:50:13 CEST.

Flavor Version Tinstall Tcheck Ttotal Status Flags
r-devel-linux-x86_64-debian-clang 0.0.61 21.05 29.82 50.87 OK
r-devel-linux-x86_64-debian-gcc 0.0.61 15.19 23.41 38.60 OK
r-devel-linux-x86_64-fedora-clang 0.0.61 79.24 NOTE
r-devel-linux-x86_64-fedora-gcc 0.0.61 63.86 OK
r-devel-windows-x86_64 0.0.61 25.00 40.00 65.00 OK
r-devel-windows-x86_64-gcc10-UCRT 0.0.61 OK
r-patched-linux-x86_64 0.0.61 18.01 29.04 47.05 OK
r-patched-solaris-x86 0.0.61 78.60 OK
r-release-linux-x86_64 0.0.61 17.39 29.37 46.76 OK
r-release-macos-arm64 0.0.61 OK
r-release-macos-x86_64 0.0.61 OK
r-release-windows-ix86+x86_64 0.0.61 53.00 55.00 108.00 OK
r-oldrel-macos-x86_64 0.0.61 OK
r-oldrel-windows-ix86+x86_64 0.0.61 40.00 60.00 100.00 OK

Check Details

Version: 0.0.61
Check: Rd cross-references
Result: NOTE
    Undeclared package ‘data.table’ in Rd xrefs
Flavor: r-devel-linux-x86_64-fedora-clang