CRAN Package Check Results for Package bssm

Last updated on 2021-09-21 13:52:05 CEST.

Flavor Version Tinstall Tcheck Ttotal Status Flags
r-devel-linux-x86_64-debian-clang 1.1.6 752.85 442.52 1195.37 OK
r-devel-linux-x86_64-debian-gcc 1.1.7 495.93 266.12 762.05 OK
r-devel-linux-x86_64-fedora-clang 1.1.7 1444.64 ERROR
r-devel-linux-x86_64-fedora-gcc 1.1.7 1246.49 OK
r-devel-windows-x86_64 1.1.6 647.00 353.00 1000.00 NOTE
r-devel-windows-x86_64-gcc10-UCRT 1.1.6 ERROR
r-patched-linux-x86_64 1.1.7 539.10 357.96 897.06 OK
r-patched-solaris-x86 1.1.7 859.50 NOTE
r-release-linux-x86_64 1.1.6 485.18 368.33 853.51 OK
r-release-macos-arm64 1.1.6 NOTE
r-release-macos-x86_64 1.1.6 NOTE
r-release-windows-ix86+x86_64 1.1.7 1147.00 583.00 1730.00 NOTE
r-oldrel-macos-x86_64 1.1.6 NOTE
r-oldrel-windows-ix86+x86_64 1.1.7 1202.00 549.00 1751.00 NOTE

Check Details

Version: 1.1.7
Check: installed package size
Result: NOTE
     installed size is 32.0Mb
     sub-directories of 1Mb or more:
     doc 3.2Mb
     libs 28.3Mb
Flavors: r-devel-linux-x86_64-fedora-clang, r-patched-solaris-x86, r-release-windows-ix86+x86_64, r-oldrel-windows-ix86+x86_64

Version: 1.1.7
Check: tests
Result: ERROR
     Running ‘test_all.R’ [40s/36s]
    Running the tests in ‘tests/test_all.R’ failed.
    Complete output:
     > library("testthat")
     > test_check("bssm")
     Loading required package: bssm
    
     Attaching package: 'bssm'
    
     The following object is masked from 'package:base':
    
     gamma
    
     OMP: Warning #96: Cannot form a team with 8 threads, using 2 instead.
     OMP: Hint Consider unsetting KMP_DEVICE_THREAD_LIMIT (KMP_ALL_THREADS), KMP_TEAMS_THREAD_LIMIT, and OMP_THREAD_LIMIT (if any are set).
     ══ Skipped tests ═══════════════════════════════════════════════════════════════
     • On CRAN (7)
    
     ══ Failed tests ════════════════════════════════════════════════════════════════
     ── Failure (test_predict.R:229:3): Predictions for mng_ssm work ────────────────
     mean(yrep$value - meanrep$value) not equal to 0.
     1/1 mismatches
     [1] -0.132 - 0 == -0.132
    
     [ FAIL 1 | WARN 0 | SKIP 7 | PASS 842 ]
     Error: Test failures
     Execution halted
Flavor: r-devel-linux-x86_64-fedora-clang

Version: 1.1.6
Check: installed package size
Result: NOTE
     installed size is 6.6Mb
     sub-directories of 1Mb or more:
     doc 3.2Mb
     libs 2.9Mb
Flavors: r-devel-windows-x86_64, r-release-macos-arm64, r-release-macos-x86_64, r-oldrel-macos-x86_64

Version: 1.1.6
Check: whether package can be installed
Result: ERROR
    Installation failed.
Flavor: r-devel-windows-x86_64-gcc10-UCRT