CRAN Package Check Results for Package bsts

Last updated on 2021-10-20 01:48:36 CEST.

Flavor Version Tinstall Tcheck Ttotal Status Flags
r-devel-linux-x86_64-debian-clang 0.9.7 96.92 125.24 222.16 OK
r-devel-linux-x86_64-debian-gcc 0.9.7 84.46 88.69 173.15 OK
r-devel-linux-x86_64-fedora-clang 0.9.7 313.06 NOTE
r-devel-linux-x86_64-fedora-gcc 0.9.7 309.84 OK
r-devel-windows-x86_64 0.9.7 129.00 199.00 328.00 NOTE
r-devel-windows-x86_64-gcc10-UCRT 0.9.7 OK
r-patched-linux-x86_64 0.9.7 115.43 124.23 239.66 OK
r-release-linux-x86_64 0.9.7 107.36 125.66 233.02 OK
r-release-macos-arm64 0.9.7 NOTE
r-release-macos-x86_64 0.9.7 NOTE
r-release-windows-ix86+x86_64 0.9.7 179.00 315.00 494.00 NOTE
r-oldrel-macos-x86_64 0.9.7 NOTE
r-oldrel-windows-ix86+x86_64 0.9.7 255.00 324.00 579.00 NOTE

Additional issues

rchk

Check Details

Version: 0.9.7
Check: installed package size
Result: NOTE
     installed size is 85.6Mb
     sub-directories of 1Mb or more:
     libs 84.9Mb
Flavors: r-devel-linux-x86_64-fedora-clang, r-devel-windows-x86_64, r-release-macos-arm64, r-release-macos-x86_64, r-release-windows-ix86+x86_64, r-oldrel-macos-x86_64, r-oldrel-windows-ix86+x86_64