CRAN Package Check Results for Package bucky

Last updated on 2021-10-17 10:49:08 CEST.

Flavor Version Tinstall Tcheck Ttotal Status Flags
r-devel-linux-x86_64-debian-clang 1.0.6 2.61 36.47 39.08 OK
r-devel-linux-x86_64-debian-gcc 1.0.6 2.36 28.48 30.84 OK
r-devel-linux-x86_64-fedora-clang 1.0.6 59.21 NOTE
r-devel-linux-x86_64-fedora-gcc 1.0.6 46.96 OK
r-devel-windows-x86_64 1.0.6 6.00 57.00 63.00 OK
r-devel-windows-x86_64-gcc10-UCRT 1.0.6 OK
r-patched-linux-x86_64 1.0.6 2.99 35.13 38.12 OK
r-patched-solaris-x86 1.0.6 72.30 OK
r-release-linux-x86_64 1.0.6 3.31 35.38 38.69 OK
r-release-macos-arm64 1.0.6 OK
r-release-macos-x86_64 1.0.6 OK
r-release-windows-ix86+x86_64 1.0.6 7.00 57.00 64.00 OK
r-oldrel-macos-x86_64 1.0.6 OK
r-oldrel-windows-ix86+x86_64 1.0.6 11.00 56.00 67.00 OK

Check Details

Version: 1.0.6
Check: Rd cross-references
Result: NOTE
    Undeclared package ‘mitools’ in Rd xrefs
Flavor: r-devel-linux-x86_64-fedora-clang