CRAN Package Check Results for Package bunchr

Last updated on 2021-10-25 16:49:03 CEST.

Flavor Version Tinstall Tcheck Ttotal Status Flags
r-devel-linux-x86_64-debian-clang 1.2.0 3.00 552.20 555.20 NOTE
r-devel-linux-x86_64-debian-gcc 1.2.0 2.27 401.77 404.04 NOTE
r-devel-linux-x86_64-fedora-clang 1.2.0 645.01 NOTE
r-devel-linux-x86_64-fedora-gcc 1.2.0 644.66 NOTE
r-devel-windows-x86_64 1.2.0 5.00 423.00 428.00 NOTE --no-vignettes
r-devel-windows-x86_64-gcc10-UCRT 1.2.0 NOTE
r-patched-linux-x86_64 1.2.0 2.83 531.89 534.72 NOTE
r-patched-solaris-x86 1.2.0 913.80 NOTE
r-release-linux-x86_64 1.2.0 3.09 535.08 538.17 NOTE
r-release-macos-arm64 1.2.0 NOTE
r-release-macos-x86_64 1.2.0 NOTE
r-release-windows-ix86+x86_64 1.2.0 5.00 413.00 418.00 NOTE --no-vignettes
r-oldrel-macos-x86_64 1.2.0 OK
r-oldrel-windows-ix86+x86_64 1.2.0 6.00 390.00 396.00 OK --no-vignettes

Check Details

Version: 1.2.0
Check: LazyData
Result: NOTE
     'LazyData' is specified without a 'data' directory
Flavors: r-devel-linux-x86_64-debian-clang, r-devel-linux-x86_64-debian-gcc, r-devel-linux-x86_64-fedora-clang, r-devel-linux-x86_64-fedora-gcc, r-devel-windows-x86_64-gcc10-UCRT, r-patched-linux-x86_64, r-patched-solaris-x86, r-release-linux-x86_64, r-release-macos-arm64, r-release-macos-x86_64

Version: 1.2.0
Flags: --no-vignettes
Check: LazyData
Result: NOTE
     'LazyData' is specified without a 'data' directory
Flavors: r-devel-windows-x86_64, r-release-windows-ix86+x86_64