CRAN Package Check Results for Package bvartools

Last updated on 2021-09-19 07:50:08 CEST.

Flavor Version Tinstall Tcheck Ttotal Status Flags
r-devel-linux-x86_64-debian-clang 0.2.0 297.85 191.88 489.73 OK
r-devel-linux-x86_64-debian-gcc 0.2.0 199.97 145.49 345.46 OK
r-devel-linux-x86_64-fedora-clang 0.2.0 650.70 NOTE
r-devel-linux-x86_64-fedora-gcc 0.2.0 610.23 OK
r-devel-windows-x86_64 0.2.0 259.00 237.00 496.00 OK
r-devel-windows-x86_64-gcc10-UCRT 0.2.0 ERROR
r-patched-linux-x86_64 0.2.0 241.40 191.71 433.11 OK
r-patched-solaris-x86 0.2.0 563.40 OK
r-release-linux-x86_64 0.2.0 234.39 189.41 423.80 OK
r-release-macos-arm64 0.2.0 NOTE
r-release-macos-x86_64 0.2.0 NOTE
r-release-windows-ix86+x86_64 0.2.0 639.00 208.00 847.00 OK
r-oldrel-macos-x86_64 0.2.0 NOTE
r-oldrel-windows-ix86+x86_64 0.2.0 625.00 269.00 894.00 OK

Check Details

Version: 0.2.0
Check: installed package size
Result: NOTE
     installed size is 16.1Mb
     sub-directories of 1Mb or more:
     libs 14.9Mb
Flavors: r-devel-linux-x86_64-fedora-clang, r-release-macos-arm64, r-release-macos-x86_64, r-oldrel-macos-x86_64

Version: 0.2.0
Check: whether package can be installed
Result: ERROR
    Installation failed.
Flavor: r-devel-windows-x86_64-gcc10-UCRT