CRAN Package Check Results for Package bysykkel

Last updated on 2021-09-23 22:55:48 CEST.

Flavor Version Tinstall Tcheck Ttotal Status Flags
r-devel-linux-x86_64-debian-clang 0.3.1 5.68 46.94 52.62 NOTE
r-devel-linux-x86_64-debian-gcc 0.3.1 4.70 36.04 40.74 NOTE
r-devel-linux-x86_64-fedora-clang 0.3.1 71.63 NOTE
r-devel-linux-x86_64-fedora-gcc 0.3.1 59.86 NOTE
r-devel-windows-x86_64 0.3.1 7.00 47.00 54.00 NOTE
r-devel-windows-x86_64-gcc10-UCRT 0.3.1 NOTE
r-patched-linux-x86_64 0.3.1 5.34 44.79 50.13 NOTE
r-patched-solaris-x86 0.3.1 88.60 NOTE
r-release-linux-x86_64 0.3.1 5.68 43.81 49.49 NOTE
r-release-macos-arm64 0.3.1 NOTE
r-release-macos-x86_64 0.3.1 NOTE
r-release-windows-ix86+x86_64 0.3.1 13.00 47.00 60.00 NOTE
r-oldrel-macos-x86_64 0.3.1 OK
r-oldrel-windows-ix86+x86_64 0.3.1 9.00 44.00 53.00 OK

Check Details

Version: 0.3.1
Check: LazyData
Result: NOTE
     'LazyData' is specified without a 'data' directory
Flavors: r-devel-linux-x86_64-debian-clang, r-devel-linux-x86_64-debian-gcc, r-devel-linux-x86_64-fedora-clang, r-devel-linux-x86_64-fedora-gcc, r-devel-windows-x86_64, r-devel-windows-x86_64-gcc10-UCRT, r-patched-linux-x86_64, r-patched-solaris-x86, r-release-linux-x86_64, r-release-macos-arm64, r-release-macos-x86_64, r-release-windows-ix86+x86_64