CRAN Package Check Results for Package bzinb

Last updated on 2021-08-05 18:52:43 CEST.

Flavor Version Tinstall Tcheck Ttotal Status Flags
r-devel-linux-x86_64-debian-clang 1.0.4 47.38 40.71 88.09 NOTE
r-devel-linux-x86_64-debian-gcc 1.0.4 30.47 30.55 61.02 NOTE
r-devel-linux-x86_64-fedora-clang 1.0.4 125.21 NOTE
r-devel-linux-x86_64-fedora-gcc 1.0.4 103.77 NOTE
r-devel-windows-x86_64 1.0.4 59.00 69.00 128.00 NOTE
r-devel-windows-x86_64-gcc10-UCRT 1.0.4 NOTE
r-patched-linux-x86_64 1.0.4 35.42 38.28 73.70 NOTE
r-patched-solaris-x86 1.0.4 120.00 NOTE
r-release-linux-x86_64 1.0.4 36.51 38.21 74.72 NOTE
r-release-macos-arm64 1.0.4 NOTE
r-release-macos-x86_64 1.0.4 NOTE
r-release-windows-ix86+x86_64 1.0.4 107.00 75.00 182.00 NOTE
r-oldrel-macos-x86_64 1.0.4 OK
r-oldrel-windows-ix86+x86_64 1.0.4 80.00 87.00 167.00 OK

Check Details

Version: 1.0.4
Check: LazyData
Result: NOTE
     'LazyData' is specified without a 'data' directory
Flavors: r-devel-linux-x86_64-debian-clang, r-devel-linux-x86_64-debian-gcc, r-devel-linux-x86_64-fedora-clang, r-devel-linux-x86_64-fedora-gcc, r-devel-windows-x86_64, r-devel-windows-x86_64-gcc10-UCRT, r-patched-linux-x86_64, r-patched-solaris-x86, r-release-linux-x86_64, r-release-macos-arm64, r-release-macos-x86_64, r-release-windows-ix86+x86_64