CRAN Package Check Results for Package cPCG

Last updated on 2021-09-22 01:48:35 CEST.

Flavor Version Tinstall Tcheck Ttotal Status Flags
r-devel-linux-x86_64-debian-clang 1.0 34.12 28.03 62.15 OK
r-devel-linux-x86_64-debian-gcc 1.0 22.38 22.38 44.76 OK
r-devel-linux-x86_64-fedora-clang 1.0 91.59 OK
r-devel-linux-x86_64-fedora-gcc 1.0 76.66 OK
r-devel-windows-x86_64 1.0 29.00 44.00 73.00 OK
r-devel-windows-x86_64-gcc10-UCRT 1.0 ERROR
r-patched-linux-x86_64 1.0 27.39 27.89 55.28 OK
r-patched-solaris-x86 1.0 87.40 OK
r-release-linux-x86_64 1.0 28.18 27.29 55.47 OK
r-release-macos-arm64 1.0 OK
r-release-macos-x86_64 1.0 OK
r-release-windows-ix86+x86_64 1.0 83.00 51.00 134.00 OK
r-oldrel-macos-x86_64 1.0 OK
r-oldrel-windows-ix86+x86_64 1.0 79.00 71.00 150.00 OK

Check Details

Version: 1.0
Check: whether package can be installed
Result: ERROR
    Installation failed.
Flavor: r-devel-windows-x86_64-gcc10-UCRT