CRAN Package Check Results for Package caTools

Last updated on 2021-09-18 13:53:31 CEST.

Flavor Version Tinstall Tcheck Ttotal Status Flags
r-devel-linux-x86_64-debian-clang 1.18.2 6.45 36.20 42.65 OK
r-devel-linux-x86_64-debian-gcc 1.18.2 4.73 28.05 32.78 OK
r-devel-linux-x86_64-fedora-clang 1.18.2 61.28 NOTE
r-devel-linux-x86_64-fedora-gcc 1.18.2 49.52 OK
r-devel-windows-x86_64 1.18.2 10.00 56.00 66.00 OK
r-devel-windows-x86_64-gcc10-UCRT 1.18.2 OK
r-patched-linux-x86_64 1.18.2 6.43 35.21 41.64 OK
r-patched-solaris-x86 1.18.2 73.00 OK
r-release-linux-x86_64 1.18.2 5.67 34.97 40.64 OK
r-release-macos-arm64 1.18.2 OK
r-release-macos-x86_64 1.18.2 OK
r-release-windows-ix86+x86_64 1.18.2 16.00 60.00 76.00 OK
r-oldrel-macos-x86_64 1.18.2 OK
r-oldrel-windows-ix86+x86_64 1.18.2 15.00 58.00 73.00 OK

Check Details

Version: 1.18.2
Check: Rd cross-references
Result: NOTE
    Undeclared packages ‘pixmap’, ‘XML’, ‘exactRankTests’, ‘coin’, ‘ROCR’, ‘Epi’, ‘verification’, ‘Hmisc’, ‘gtools’, ‘magic’, ‘zoo’ in Rd xrefs
Flavor: r-devel-linux-x86_64-fedora-clang